CRAN Package Check Results for Package ProjectTemplate

Last updated on 2021-10-26 20:51:03 CEST.

Flavor Version Tinstall Tcheck Ttotal Status Flags
r-devel-linux-x86_64-debian-clang 0.10.2 5.73 57.02 62.75 OK
r-devel-linux-x86_64-debian-gcc 0.10.2 4.53 42.38 46.91 OK
r-devel-linux-x86_64-fedora-clang 0.10.2 84.87 OK
r-devel-linux-x86_64-fedora-gcc 0.10.2 73.70 OK
r-devel-windows-x86_64 0.10.2 9.00 107.00 116.00 OK
r-devel-windows-x86_64-gcc10-UCRT 0.10.2 OK
r-patched-linux-x86_64 0.10.2 5.67 53.62 59.29 OK
r-patched-solaris-x86 0.10.2 97.40 OK
r-release-linux-x86_64 0.10.2 5.07 53.33 58.40 OK
r-release-macos-arm64 0.10.2 NOTE
r-release-macos-x86_64 0.10.2 OK
r-release-windows-ix86+x86_64 0.10.2 10.00 109.00 119.00 OK
r-oldrel-macos-x86_64 0.10.2 OK
r-oldrel-windows-ix86+x86_64 0.10.2 13.00 104.00 117.00 OK

Check Details

Version: 0.10.2
Check: package dependencies
Result: NOTE
    Package suggested but not available for checking: ‘RODBC’
Flavor: r-release-macos-arm64