CRAN Package Check Results for Package ProjectionBasedClustering

Last updated on 2021-09-23 00:48:57 CEST.

Flavor Version Tinstall Tcheck Ttotal Status Flags
r-devel-linux-x86_64-debian-clang 1.1.6 173.80 90.18 263.98 OK
r-devel-linux-x86_64-debian-gcc 1.1.6 99.07 65.64 164.71 OK
r-devel-linux-x86_64-fedora-clang 1.1.6 380.64 OK
r-devel-linux-x86_64-fedora-gcc 1.1.6 304.25 OK
r-devel-windows-x86_64 1.1.6 153.00 97.00 250.00 OK
r-devel-windows-x86_64-gcc10-UCRT 1.1.6 ERROR
r-patched-linux-x86_64 1.1.6 127.75 83.50 211.25 OK
r-patched-solaris-x86 1.1.6 310.60 OK
r-release-linux-x86_64 1.1.6 120.99 84.63 205.62 OK
r-release-macos-arm64 1.1.6 OK
r-release-macos-x86_64 1.1.6 OK
r-release-windows-ix86+x86_64 1.1.6 383.00 163.00 546.00 OK
r-oldrel-macos-x86_64 1.1.6 OK
r-oldrel-windows-ix86+x86_64 1.1.6 278.00 122.00 400.00 OK

Check Details

Version: 1.1.6
Check: package dependencies
Result: NOTE
    Packages suggested but not available for checking:
     'spdep', 'png', 'umap', 'parallelDist'
Flavor: r-devel-windows-x86_64-gcc10-UCRT

Version: 1.1.6
Check: whether package can be installed
Result: ERROR
    Installation failed.
Flavor: r-devel-windows-x86_64-gcc10-UCRT