CRAN Package Check Results for Package PxWebApiData

Last updated on 2021-09-19 04:53:20 CEST.

Flavor Version Tinstall Tcheck Ttotal Status Flags
r-devel-linux-x86_64-debian-clang 0.6.0 2.89 31.10 33.99 OK
r-devel-linux-x86_64-debian-gcc 0.6.0 2.07 24.56 26.63 OK
r-devel-linux-x86_64-fedora-clang 0.6.0 49.71 OK
r-devel-linux-x86_64-fedora-gcc 0.6.0 39.63 OK
r-devel-windows-x86_64 0.6.0 4.00 62.00 66.00 OK
r-devel-windows-x86_64-gcc10-UCRT 0.6.0 ERROR
r-patched-linux-x86_64 0.6.0 6.43 30.07 36.50 OK
r-patched-solaris-x86 0.6.0 59.70 OK
r-release-linux-x86_64 0.6.0 2.72 30.17 32.89 OK
r-release-macos-arm64 0.6.0 OK
r-release-macos-x86_64 0.6.0 OK
r-release-windows-ix86+x86_64 0.6.0 6.00 55.00 61.00 OK
r-oldrel-macos-x86_64 0.6.0 OK
r-oldrel-windows-ix86+x86_64 0.6.0 6.00 57.00 63.00 OK

Check Details

Version: 0.6.0
Check: whether package can be installed
Result: WARN
    Found the following significant warnings:
     WARNING: installation-time patches will not be applied, could not get the patches index
Flavor: r-devel-windows-x86_64-gcc10-UCRT

Version: 0.6.0
Check: PDF version of manual
Result: WARN
    LaTeX errors when creating PDF version.
    This typically indicates Rd problems.
Flavor: r-devel-windows-x86_64-gcc10-UCRT

Version: 0.6.0
Check: PDF version of manual without hyperrefs or index
Result: ERROR
    Re-running with no redirection of stdout/stderr.
Flavor: r-devel-windows-x86_64-gcc10-UCRT