Last updated on 2023-11-29 15:50:26 CET.
Flavor | Version | Tinstall | Tcheck | Ttotal | Status | Flags |
---|---|---|---|---|---|---|
r-devel-linux-x86_64-debian-clang | 2.15.0 | 9.22 | 129.18 | 138.40 | NOTE | |
r-devel-linux-x86_64-debian-gcc | 2.15.0 | 6.55 | 98.01 | 104.56 | NOTE | |
r-devel-linux-x86_64-fedora-clang | 2.15.0 | 167.20 | NOTE | |||
r-devel-linux-x86_64-fedora-gcc | 2.15.0 | 171.79 | NOTE | |||
r-devel-windows-x86_64 | 2.15.0 | 10.00 | 524.00 | 534.00 | NOTE | |
r-patched-linux-x86_64 | 2.15.0 | 11.08 | 124.69 | 135.77 | OK | |
r-release-linux-x86_64 | 2.15.0 | 9.57 | 124.85 | 134.42 | OK | |
r-release-macos-arm64 | 2.15.0 | 57.00 | OK | |||
r-release-macos-x86_64 | 2.15.0 | 92.00 | OK | |||
r-release-windows-x86_64 | 2.15.0 | 11.00 | 923.00 | 934.00 | OK | |
r-oldrel-macos-arm64 | 2.15.0 | 53.00 | OK | |||
r-oldrel-macos-x86_64 | 2.15.0 | 68.00 | OK | |||
r-oldrel-windows-x86_64 | 2.15.0 | 13.00 | 0.00 | 13.00 | FAIL |
Version: 2.15.0
Check: Rd files
Result: NOTE
checkRd: (-1) GenericDataFile.Rd:87-88: Lost braces in \itemize; meant \describe ?
checkRd: (-1) GenericDataFile.Rd:89: Lost braces in \itemize; meant \describe ?
checkRd: (-1) GenericDataFile.Rd:90: Lost braces in \itemize; meant \describe ?
checkRd: (-1) GenericDataFile.Rd:91: Lost braces in \itemize; meant \describe ?
checkRd: (-1) GenericDataFile.Rd:92: Lost braces in \itemize; meant \describe ?
Flavors: r-devel-linux-x86_64-debian-clang, r-devel-linux-x86_64-debian-gcc
Version: 2.15.0
Check: Rd \usage sections
Result: NOTE
Documented arguments not in \usage in Rd file 'compareChecksum.GenericDataFile.Rd':
‘verbose’
Documented arguments not in \usage in Rd file 'dim.GenericTabularFile.Rd':
‘...’
Documented arguments not in \usage in Rd file 'dsApplyInPairs.GenericDataFileSet.Rd':
‘ds’
Documented arguments not in \usage in Rd file 'fromFile.GenericDataFile.Rd':
‘unknown’
Documented arguments not in \usage in Rd file 'gzip.GenericDataFile.Rd':
‘verbose’
Documented arguments not in \usage in Rd file 'readChecksum.ChecksumFile.Rd':
‘verbose’
Documented arguments not in \usage in Rd file 'writeChecksum.GenericDataFile.Rd':
‘verbose’
Functions with \usage entries need to have the appropriate \alias
entries, and all their arguments documented.
The \usage entries must correspond to syntactically valid R code.
See chapter ‘Writing R documentation files’ in the ‘Writing R
Extensions’ manual.
Flavors: r-devel-linux-x86_64-debian-clang, r-devel-linux-x86_64-debian-gcc, r-devel-linux-x86_64-fedora-clang, r-devel-linux-x86_64-fedora-gcc, r-devel-windows-x86_64
Version: 2.15.0
Check: tests
Result: FAIL
Check process probably crashed or hung up for 20 minutes ... killed
Most likely this happened in the example checks (?),
if not, ignore the following last lines of example output:
39 8 1 g
40 1 2 j
41 1 1 r
42 4 3 t
43 2 7 g
44 1 6 s
45 6 10 f
46 6 2 a
47 2 4 e
48 7 24 c
49 8 1 g
50 1 2 j
>
>
>
> ### * <FOOTER>
> ###
> cleanEx()
> options(digits = 7L)
> base::cat("Time elapsed: ", proc.time() - base::get("ptime", pos = 'CheckExEnv'),"\n")
Time elapsed: 10.08 0.33 10.64 NA NA
> grDevices::dev.off()
null device
1
> ###
> ### Local variables: ***
> ### mode: outline-minor ***
> ### outline-regexp: "\\(> \\)?### [*]+" ***
> ### End: ***
> quit('no')
======== End of example output (where/before crash/hang up occured ?) ========
Flavor: r-oldrel-windows-x86_64