CRAN Package Check Results for Package R2OpenBUGS

Last updated on 2021-11-28 23:50:36 CET.

Flavor Version Tinstall Tcheck Ttotal Status Flags
r-devel-linux-x86_64-debian-clang 3.2-3.2.1 NOTE
r-devel-linux-x86_64-debian-gcc 3.2-3.2.1 3.53 33.71 37.24 NOTE
r-devel-linux-x86_64-fedora-clang 3.2-3.2.1 71.31 OK
r-devel-linux-x86_64-fedora-gcc 3.2-3.2.1 60.12 OK
r-devel-windows-x86_64-new-UL 3.2-3.2.1 13.00 110.00 123.00 OK
r-devel-windows-x86_64-new-TK 3.2-3.2.1 OK
r-devel-windows-x86_64-old 3.2-3.2.1 6.00 64.00 70.00 OK
r-patched-linux-x86_64 3.2-3.2.1 4.94 42.00 46.94 NOTE
r-patched-solaris-x86 3.2-3.2.1 85.50 OK --no-tests
r-release-linux-x86_64 3.2-3.2.1 4.37 42.02 46.39 NOTE
r-release-macos-arm64 3.2-3.2.1 OK
r-release-macos-x86_64 3.2-3.2.1 OK
r-release-windows-ix86+x86_64 3.2-3.2.1 9.00 48.00 57.00 OK
r-oldrel-macos-x86_64 3.2-3.2.1 OK
r-oldrel-windows-ix86+x86_64 3.2-3.2.1 6.00 64.00 70.00 OK

Check Details

Version: 3.2-3.2.1
Check: R code for possible problems
Result: NOTE
    Found the following calls to attach():
    File 'R2OpenBUGS/R/attach.all.R':
     attach(x, name = name)
    See section 'Good practice' in '?attach'.
Flavors: r-devel-linux-x86_64-debian-clang, r-devel-linux-x86_64-debian-gcc, r-patched-linux-x86_64, r-release-linux-x86_64