CRAN Package Check Results for Package R2WinBUGS

Last updated on 2021-12-01 19:51:45 CET.

Flavor Version Tinstall Tcheck Ttotal Status Flags
r-devel-linux-x86_64-debian-clang 2.1-21 4.57 45.59 50.16 NOTE
r-devel-linux-x86_64-debian-gcc 2.1-21 3.75 35.21 38.96 NOTE
r-devel-linux-x86_64-fedora-clang 2.1-21 74.22 OK
r-devel-linux-x86_64-fedora-gcc 2.1-21 62.04 OK
r-devel-windows-x86_64-new-UL 2.1-21 17.00 115.00 132.00 NOTE
r-devel-windows-x86_64-new-TK 2.1-21 NOTE
r-devel-windows-x86_64-old 2.1-21 8.00 56.00 64.00 OK
r-patched-linux-x86_64 2.1-21 4.43 43.72 48.15 NOTE
r-patched-solaris-x86 2.1-21 94.40 NOTE
r-release-linux-x86_64 2.1-21 3.73 43.89 47.62 NOTE
r-release-macos-arm64 2.1-21 NOTE
r-release-macos-x86_64 2.1-21 NOTE
r-release-windows-ix86+x86_64 2.1-21 10.00 48.00 58.00 OK
r-oldrel-macos-x86_64 2.1-21 NOTE
r-oldrel-windows-ix86+x86_64 2.1-21 7.00 65.00 72.00 OK

Check Details

Version: 2.1-21
Check: R code for possible problems
Result: NOTE
    Found the following calls to attach():
    File 'R2WinBUGS/R/attach.all.R':
     attach(x, name = name)
    See section 'Good practice' in '?attach'.
Flavors: r-devel-linux-x86_64-debian-clang, r-devel-linux-x86_64-debian-gcc, r-patched-linux-x86_64, r-release-linux-x86_64

Version: 2.1-21
Check: package dependencies
Result: NOTE
    Package suggested but not available for checking: 'BRugs'
Flavors: r-devel-windows-x86_64-new-UL, r-devel-windows-x86_64-new-TK, r-patched-solaris-x86, r-release-macos-arm64, r-release-macos-x86_64, r-oldrel-macos-x86_64

Version: 2.1-21
Check: Rd cross-references
Result: NOTE
    Package unavailable to check Rd xrefs: 'BRugs'
Flavors: r-devel-windows-x86_64-new-UL, r-devel-windows-x86_64-new-TK, r-release-macos-arm64, r-release-macos-x86_64, r-oldrel-macos-x86_64