Last updated on 2023-12-07 04:02:04 CET.
Flavor | Version | Tinstall | Tcheck | Ttotal | Status | Flags |
---|---|---|---|---|---|---|
r-devel-linux-x86_64-debian-clang | 2.1-21 | 5.40 | 49.10 | 54.50 | NOTE | |
r-devel-linux-x86_64-debian-gcc | 2.1-21 | 3.23 | 37.28 | 40.51 | NOTE | |
r-devel-linux-x86_64-fedora-clang | 2.1-21 | 68.08 | NOTE | |||
r-devel-linux-x86_64-fedora-gcc | 2.1-21 | 76.91 | NOTE | |||
r-devel-windows-x86_64 | 2.1-21 | 6.00 | 83.00 | 89.00 | NOTE | |
r-patched-linux-x86_64 | 2.1-21 | 4.90 | 47.82 | 52.72 | NOTE | |
r-release-linux-x86_64 | 2.1-21 | 4.73 | 47.73 | 52.46 | NOTE | |
r-release-macos-arm64 | 2.1-21 | 40.00 | NOTE | |||
r-release-macos-x86_64 | 2.1-21 | 50.00 | NOTE | |||
r-release-windows-x86_64 | 2.1-21 | 5.00 | 80.00 | 85.00 | NOTE | |
r-oldrel-macos-arm64 | 2.1-21 | 33.00 | NOTE | |||
r-oldrel-macos-x86_64 | 2.1-21 | 39.00 | NOTE | |||
r-oldrel-windows-x86_64 | 2.1-21 | 6.00 | 83.00 | 89.00 | NOTE |
Version: 2.1-21
Check: R code for possible problems
Result: NOTE
Found the following calls to attach():
File ‘R2WinBUGS/R/attach.all.R’:
attach(x, name = name)
See section ‘Good practice’ in ‘?attach’.
Flavors: r-devel-linux-x86_64-debian-clang, r-devel-linux-x86_64-debian-gcc, r-patched-linux-x86_64, r-release-linux-x86_64
Version: 2.1-21
Check: Rd files
Result: NOTE
checkRd: (-1) bugs.Rd:132: Lost braces in \itemize; meant \describe ?
checkRd: (-1) bugs.Rd:133: Lost braces in \itemize; meant \describe ?
checkRd: (-1) bugs.Rd:138: Lost braces in \itemize; meant \describe ?
checkRd: (-1) bugs.Rd:140-141: Lost braces in \itemize; meant \describe ?
Flavors: r-devel-linux-x86_64-debian-clang, r-devel-linux-x86_64-debian-gcc
Version: 2.1-21
Check: Rd \usage sections
Result: NOTE
Documented arguments not in \usage in Rd file 'bugs.inits.Rd':
‘inits.file’
Functions with \usage entries need to have the appropriate \alias
entries, and all their arguments documented.
The \usage entries must correspond to syntactically valid R code.
See chapter ‘Writing R documentation files’ in the ‘Writing R
Extensions’ manual.
Flavors: r-devel-linux-x86_64-debian-clang, r-devel-linux-x86_64-debian-gcc, r-devel-linux-x86_64-fedora-clang, r-devel-linux-x86_64-fedora-gcc, r-devel-windows-x86_64
Version: 2.1-21
Check: package dependencies
Result: NOTE
Package suggested but not available for checking: 'BRugs'
Flavors: r-devel-windows-x86_64, r-release-macos-arm64, r-release-macos-x86_64, r-release-windows-x86_64, r-oldrel-macos-arm64, r-oldrel-macos-x86_64, r-oldrel-windows-x86_64
Version: 2.1-21
Check: Rd cross-references
Result: NOTE
Package unavailable to check Rd xrefs: ‘BRugs’
Flavors: r-release-macos-arm64, r-release-macos-x86_64, r-oldrel-macos-arm64, r-oldrel-macos-x86_64