Last updated on 2023-03-27 12:54:31 CEST.
Flavor | Version | Tinstall | Tcheck | Ttotal | Status | Flags |
---|---|---|---|---|---|---|
r-devel-linux-x86_64-debian-clang | 0.1.29 | 101.71 | 214.57 | 316.28 | OK | |
r-devel-linux-x86_64-debian-gcc | 0.1.29 | 92.66 | 159.01 | 251.67 | OK | |
r-devel-linux-x86_64-fedora-clang | 0.1.29 | 393.27 | OK | |||
r-devel-linux-x86_64-fedora-gcc | 0.1.29 | 408.41 | OK | |||
r-devel-windows-x86_64 | 0.1.29 | 111.00 | 273.00 | 384.00 | OK | |
r-patched-linux-x86_64 | 0.1.29 | 82.66 | 200.36 | 283.02 | OK | |
r-release-linux-x86_64 | 0.1.29 | 66.00 | 196.87 | 262.87 | OK | |
r-release-macos-arm64 | 0.1.29 | 106.00 | NOTE | |||
r-release-macos-x86_64 | 0.1.29 | 127.00 | NOTE | |||
r-release-windows-x86_64 | 0.1.29 | 101.00 | 263.00 | 364.00 | OK | |
r-oldrel-macos-arm64 | 0.1.29 | 91.00 | NOTE | |||
r-oldrel-macos-x86_64 | 0.1.29 | 127.00 | NOTE | |||
r-oldrel-windows-ix86+x86_64 | 0.1.29 | 200.00 | 285.00 | 485.00 | OK |
Version: 0.1.29
Check: package dependencies
Result: NOTE
Package suggested but not available for checking: ‘ggtree’
Flavor: r-release-macos-arm64
Version: 0.1.29
Check: installed package size
Result: NOTE
installed size is 31.9Mb
sub-directories of 1Mb or more:
libs 30.6Mb
Flavors: r-release-macos-arm64, r-release-macos-x86_64, r-oldrel-macos-arm64, r-oldrel-macos-x86_64