Last updated on 2023-03-27 12:54:31 CEST.
Flavor | Version | Tinstall | Tcheck | Ttotal | Status | Flags |
---|---|---|---|---|---|---|
r-devel-linux-x86_64-debian-clang | 1.6-6 | 154.87 | 264.19 | 419.06 | NOTE | |
r-devel-linux-x86_64-debian-gcc | 1.6-6 | 138.26 | 197.72 | 335.98 | NOTE | |
r-devel-linux-x86_64-fedora-clang | 1.6-6 | 509.76 | NOTE | |||
r-devel-linux-x86_64-fedora-gcc | 1.6-6 | 590.03 | NOTE | |||
r-devel-windows-x86_64 | 1.6-6 | 164.00 | 381.00 | 545.00 | NOTE | |
r-patched-linux-x86_64 | 1.6-6 | 134.02 | 253.92 | 387.94 | NOTE | |
r-release-linux-x86_64 | 1.6-6 | 104.79 | 242.47 | 347.26 | NOTE | |
r-release-macos-arm64 | 1.6-6 | 150.00 | NOTE | |||
r-release-macos-x86_64 | 1.6-6 | 189.00 | NOTE | |||
r-release-windows-x86_64 | 1.6-6 | 464.00 | 370.00 | 834.00 | NOTE | |
r-oldrel-macos-arm64 | 1.6-6 | 130.00 | NOTE | |||
r-oldrel-macos-x86_64 | 1.6-6 | 202.00 | NOTE | |||
r-oldrel-windows-ix86+x86_64 | 1.6-6 | 337.00 | 415.00 | 752.00 | NOTE |
Version: 1.6-6
Check: for GNU extensions in Makefiles
Result: NOTE
GNU make is a SystemRequirements.
Flavors: r-devel-linux-x86_64-debian-clang, r-devel-linux-x86_64-debian-gcc, r-devel-linux-x86_64-fedora-clang, r-devel-linux-x86_64-fedora-gcc, r-devel-windows-x86_64, r-patched-linux-x86_64, r-release-linux-x86_64, r-release-macos-arm64, r-release-macos-x86_64, r-release-windows-x86_64, r-oldrel-macos-arm64, r-oldrel-macos-x86_64, r-oldrel-windows-ix86+x86_64
Version: 1.6-6
Check: installed package size
Result: NOTE
installed size is 5.4Mb
sub-directories of 1Mb or more:
doc 1.8Mb
libs 2.1Mb
Flavors: r-devel-linux-x86_64-fedora-clang, r-devel-windows-x86_64, r-release-macos-arm64, r-release-macos-x86_64, r-release-windows-x86_64, r-oldrel-macos-arm64, r-oldrel-macos-x86_64, r-oldrel-windows-ix86+x86_64