CRAN Package Check Results for Package RBtest

Last updated on 2021-10-16 16:49:32 CEST.

Flavor Version Tinstall Tcheck Ttotal Status Flags
r-devel-linux-x86_64-debian-clang 1.1 5.65 54.78 60.43 NOTE
r-devel-linux-x86_64-debian-gcc 1.1 4.16 40.52 44.68 NOTE
r-devel-linux-x86_64-fedora-clang 1.1 79.84 NOTE
r-devel-linux-x86_64-fedora-gcc 1.1 70.16 NOTE
r-devel-windows-x86_64 1.1 24.00 54.00 78.00 NOTE
r-devel-windows-x86_64-gcc10-UCRT 1.1 NOTE
r-patched-linux-x86_64 1.1 6.05 50.44 56.49 NOTE
r-patched-solaris-x86 1.1 99.70 NOTE
r-release-linux-x86_64 1.1 4.61 50.58 55.19 NOTE
r-release-macos-arm64 1.1 NOTE
r-release-macos-x86_64 1.1 NOTE
r-release-windows-ix86+x86_64 1.1 15.00 74.00 89.00 NOTE
r-oldrel-macos-x86_64 1.1 OK
r-oldrel-windows-ix86+x86_64 1.1 16.00 76.00 92.00 OK

Check Details

Version: 1.1
Check: LazyData
Result: NOTE
     'LazyData' is specified without a 'data' directory
Flavors: r-devel-linux-x86_64-debian-clang, r-devel-linux-x86_64-debian-gcc, r-devel-linux-x86_64-fedora-clang, r-devel-linux-x86_64-fedora-gcc, r-devel-windows-x86_64, r-devel-windows-x86_64-gcc10-UCRT, r-patched-linux-x86_64, r-patched-solaris-x86, r-release-linux-x86_64, r-release-macos-arm64, r-release-macos-x86_64, r-release-windows-ix86+x86_64