CRAN Package Check Results for Package RCGLS

Last updated on 2022-01-18 07:52:36 CET.

Flavor Version Tinstall Tcheck Ttotal Status Flags
r-devel-linux-x86_64-debian-clang 1.0.3 24.40 229.69 254.09 NOTE
r-devel-linux-x86_64-debian-gcc 1.0.3 23.08 180.12 203.20 NOTE
r-devel-linux-x86_64-fedora-clang 1.0.3 306.40 NOTE
r-devel-linux-x86_64-fedora-gcc 1.0.3 291.18 NOTE
r-devel-windows-x86_64-new-UL 1.0.3 32.00 222.00 254.00 NOTE
r-devel-windows-x86_64-new-TK 1.0.3 NOTE
r-patched-linux-x86_64 1.0.3 22.56 225.23 247.79 NOTE
r-release-linux-x86_64 1.0.3 NOTE
r-release-macos-arm64 1.0.3 NOTE
r-release-macos-x86_64 1.0.3 NOTE
r-release-windows-ix86+x86_64 1.0.3 54.00 236.00 290.00 NOTE
r-oldrel-macos-x86_64 1.0.3 OK
r-oldrel-windows-ix86+x86_64 1.0.3 55.00 243.00 298.00 OK

Check Details

Version: 1.0.3
Check: LazyData
Result: NOTE
     'LazyData' is specified without a 'data' directory
Flavors: r-devel-linux-x86_64-debian-clang, r-devel-linux-x86_64-debian-gcc, r-devel-linux-x86_64-fedora-clang, r-devel-linux-x86_64-fedora-gcc, r-devel-windows-x86_64-new-UL, r-devel-windows-x86_64-new-TK, r-patched-linux-x86_64, r-release-linux-x86_64, r-release-macos-arm64, r-release-macos-x86_64, r-release-windows-ix86+x86_64