CRAN Package Check Results for Package RCMinification

Last updated on 2024-03-05 08:18:38 CET.

Flavor Version Tinstall Tcheck Ttotal Status Flags
r-devel-linux-x86_64-debian-clang 1.2 2.61 25.70 28.31 NOTE
r-devel-linux-x86_64-debian-gcc 1.2 2.07 19.86 21.93 NOTE
r-devel-linux-x86_64-fedora-clang 1.2 35.61 NOTE
r-devel-linux-x86_64-fedora-gcc 1.2 33.36 NOTE
r-devel-windows-x86_64 1.2 3.00 45.00 48.00 NOTE
r-patched-linux-x86_64 1.2 3.11 25.68 28.79 OK
r-release-linux-x86_64 1.2 2.80 25.59 28.39 OK
r-release-macos-arm64 1.2 16.00 OK
r-release-macos-x86_64 1.2 21.00 OK
r-release-windows-x86_64 1.2 5.00 45.00 50.00 OK
r-oldrel-macos-arm64 1.2 16.00 OK
r-oldrel-windows-x86_64 1.2 5.00 49.00 54.00 OK

Check Details

Version: 1.2
Check: Rd files
Result: NOTE checkRd: (-1) nonlinearAR1.sim.Rd:8: Lost braces; missing escapes or markup? 8 | of the form z_n = g(z_{n-1}) + epsilon. A normal distribution is assumed for the innovations. | ^ Flavors: r-devel-linux-x86_64-debian-clang, r-devel-linux-x86_64-debian-gcc, r-devel-linux-x86_64-fedora-clang, r-devel-linux-x86_64-fedora-gcc, r-devel-windows-x86_64