Last updated on 2023-03-28 12:54:51 CEST.
Flavor | Version | Tinstall | Tcheck | Ttotal | Status | Flags |
---|---|---|---|---|---|---|
r-devel-linux-x86_64-debian-clang | 0.2.0 | 23.15 | 33.74 | 56.89 | NOTE | |
r-devel-linux-x86_64-debian-gcc | 0.2.0 | 17.90 | 26.17 | 44.07 | NOTE | |
r-devel-linux-x86_64-fedora-clang | 0.2.0 | 79.35 | NOTE | |||
r-devel-linux-x86_64-fedora-gcc | 0.2.0 | 82.37 | NOTE | |||
r-devel-windows-x86_64 | 0.2.0 | 30.00 | 83.00 | 113.00 | NOTE | |
r-patched-linux-x86_64 | 0.2.0 | 17.88 | 32.79 | 50.67 | NOTE | |
r-release-linux-x86_64 | 0.2.0 | 17.19 | 33.66 | 50.85 | OK | |
r-release-macos-arm64 | 0.2.0 | 27.00 | OK | |||
r-release-macos-x86_64 | 0.2.0 | 36.00 | OK | |||
r-release-windows-x86_64 | 0.2.0 | 29.00 | 83.00 | 112.00 | OK | |
r-oldrel-macos-arm64 | 0.2.0 | 26.00 | OK | |||
r-oldrel-macos-x86_64 | 0.2.0 | 41.00 | OK | |||
r-oldrel-windows-ix86+x86_64 | 0.2.0 | 51.00 | 83.00 | 134.00 | OK |
Version: 0.2.0
Check: C++ specification
Result: NOTE
Specified C++11: please drop specification unless essential
Flavors: r-devel-linux-x86_64-debian-clang, r-devel-linux-x86_64-debian-gcc, r-devel-linux-x86_64-fedora-clang, r-devel-linux-x86_64-fedora-gcc, r-devel-windows-x86_64, r-patched-linux-x86_64