CRAN Package Check Results for Package RGCxGC

Last updated on 2021-12-05 11:49:43 CET.

Flavor Version Tinstall Tcheck Ttotal Status Flags
r-devel-linux-x86_64-debian-clang 1.1-2 16.50 222.11 238.61 OK
r-devel-linux-x86_64-debian-gcc 1.1-2 13.33 159.31 172.64 OK
r-devel-linux-x86_64-fedora-clang 1.1-2 281.65 NOTE
r-devel-linux-x86_64-fedora-gcc 1.1-2 271.01 OK
r-devel-windows-x86_64-new-UL 1.1-2 40.00 310.00 350.00 NOTE
r-devel-windows-x86_64-new-TK 1.1-2 OK
r-devel-windows-x86_64-old 1.1-2 29.00 189.00 218.00 NOTE
r-patched-linux-x86_64 1.1-2 15.34 204.18 219.52 OK
r-release-linux-x86_64 1.1-2 19.01 212.66 231.67 OK
r-release-macos-arm64 1.1-2 NOTE
r-release-macos-x86_64 1.1-2 NOTE
r-release-windows-ix86+x86_64 1.1-2 38.00 256.00 294.00 NOTE
r-oldrel-macos-x86_64 1.1-2 NOTE
r-oldrel-windows-ix86+x86_64 1.1-2 37.00 276.00 313.00 NOTE

Check Details

Version: 1.1-2
Check: installed package size
Result: NOTE
     installed size is 7.2Mb
     sub-directories of 1Mb or more:
     data 1.9Mb
     doc 2.2Mb
     extdata 2.7Mb
Flavors: r-devel-linux-x86_64-fedora-clang, r-devel-windows-x86_64-new-UL, r-devel-windows-x86_64-old, r-release-macos-arm64, r-release-macos-x86_64, r-release-windows-ix86+x86_64, r-oldrel-macos-x86_64, r-oldrel-windows-ix86+x86_64