CRAN Package Check Results for Package RGoogleFit

Last updated on 2022-01-18 07:52:37 CET.

Flavor Version Tinstall Tcheck Ttotal Status Flags
r-devel-linux-x86_64-debian-clang 0.4.0 2.62 39.06 41.68 NOTE
r-devel-linux-x86_64-debian-gcc 0.4.0 2.61 31.68 34.29 NOTE
r-devel-linux-x86_64-fedora-clang 0.4.0 52.08 NOTE
r-devel-linux-x86_64-fedora-gcc 0.4.0 40.75 NOTE
r-devel-windows-x86_64-new-UL 0.4.0 27.00 57.00 84.00 NOTE
r-devel-windows-x86_64-new-TK 0.4.0 NOTE
r-patched-linux-x86_64 0.4.0 2.73 37.97 40.70 NOTE
r-release-linux-x86_64 0.4.0 NOTE
r-release-macos-arm64 0.4.0 NOTE
r-release-macos-x86_64 0.4.0 NOTE
r-release-windows-ix86+x86_64 0.4.0 7.00 51.00 58.00 NOTE
r-oldrel-macos-x86_64 0.4.0 OK
r-oldrel-windows-ix86+x86_64 0.4.0 8.00 49.00 57.00 OK

Check Details

Version: 0.4.0
Check: LazyData
Result: NOTE
     'LazyData' is specified without a 'data' directory
Flavors: r-devel-linux-x86_64-debian-clang, r-devel-linux-x86_64-debian-gcc, r-devel-linux-x86_64-fedora-clang, r-devel-linux-x86_64-fedora-gcc, r-devel-windows-x86_64-new-UL, r-devel-windows-x86_64-new-TK, r-patched-linux-x86_64, r-release-linux-x86_64, r-release-macos-arm64, r-release-macos-x86_64, r-release-windows-ix86+x86_64