CRAN Package Check Results for Package RJDemetra

Last updated on 2021-09-23 08:51:18 CEST.

Flavor Version Tinstall Tcheck Ttotal Status Flags
r-devel-linux-x86_64-debian-clang 0.1.7 12.26 85.32 97.58 OK
r-devel-linux-x86_64-debian-gcc 0.1.7 8.67 62.54 71.21 OK
r-devel-linux-x86_64-fedora-clang 0.1.7 125.62 NOTE
r-devel-linux-x86_64-fedora-gcc 0.1.7 111.23 OK
r-devel-windows-x86_64 0.1.7 15.00 74.00 89.00 NOTE
r-devel-windows-x86_64-gcc10-UCRT 0.1.7 ERROR
r-patched-linux-x86_64 0.1.7 11.67 81.74 93.41 OK
r-release-linux-x86_64 0.1.7 10.07 80.41 90.48 OK
r-release-macos-arm64 0.1.7 NOTE
r-release-macos-x86_64 0.1.7 NOTE
r-release-windows-ix86+x86_64 0.1.7 22.00 96.00 118.00 NOTE
r-oldrel-macos-x86_64 0.1.7 NOTE
r-oldrel-windows-ix86+x86_64 0.1.7 39.00 69.00 108.00 NOTE

Additional issues

M1mac

Check Details

Version: 0.1.7
Check: installed package size
Result: NOTE
     installed size is 5.2Mb
     sub-directories of 1Mb or more:
     java 4.4Mb
Flavors: r-devel-linux-x86_64-fedora-clang, r-devel-windows-x86_64, r-release-macos-arm64, r-release-macos-x86_64, r-release-windows-ix86+x86_64, r-oldrel-macos-x86_64, r-oldrel-windows-ix86+x86_64

Version: 0.1.7
Check: PDF version of manual
Result: WARN
    LaTeX errors when creating PDF version.
    This typically indicates Rd problems.
Flavor: r-devel-windows-x86_64-gcc10-UCRT

Version: 0.1.7
Check: PDF version of manual without hyperrefs or index
Result: ERROR
    Re-running with no redirection of stdout/stderr.
Flavor: r-devel-windows-x86_64-gcc10-UCRT