CRAN Package Check Results for Package RLumModel

Last updated on 2021-12-02 00:49:22 CET.

Flavor Version Tinstall Tcheck Ttotal Status Flags
r-devel-linux-x86_64-debian-clang 0.2.9 64.36 246.98 311.34 OK
r-devel-linux-x86_64-debian-gcc 0.2.9 49.23 180.90 230.13 OK
r-devel-linux-x86_64-fedora-clang 0.2.9 397.98 OK
r-devel-linux-x86_64-fedora-gcc 0.2.9 379.89 OK
r-devel-windows-x86_64-new-UL 0.2.9 92.00 290.00 382.00 OK
r-devel-windows-x86_64-new-TK 0.2.9 OK
r-devel-windows-x86_64-old 0.2.9 89.00 202.00 291.00 OK
r-patched-linux-x86_64 0.2.9 62.35 235.10 297.45 OK
r-patched-solaris-x86 0.2.9 443.10 OK
r-release-linux-x86_64 0.2.9 60.81 236.00 296.81 OK
r-release-macos-arm64 0.2.9 OK
r-release-macos-x86_64 0.2.9 OK
r-release-windows-ix86+x86_64 0.2.9 168.00 378.00 546.00 OK
r-oldrel-macos-x86_64 0.2.9 OK
r-oldrel-windows-ix86+x86_64 0.2.9 106.00 7.00 113.00 ERROR

Check Details

Version: 0.2.9
Check: whether package can be installed
Result: ERROR
    Installation failed.
Flavor: r-oldrel-windows-ix86+x86_64