CRAN Package Check Results for Package RLumShiny

Last updated on 2021-11-29 15:51:24 CET.

Flavor Version Tinstall Tcheck Ttotal Status Flags
r-devel-linux-x86_64-debian-clang 0.2.2 23.94 220.91 244.85 OK
r-devel-linux-x86_64-debian-gcc 0.2.2 21.22 165.17 186.39 OK
r-devel-linux-x86_64-fedora-clang 0.2.2 304.82 NOTE
r-devel-linux-x86_64-fedora-gcc 0.2.2 297.79 NOTE
r-devel-windows-x86_64-new-UL 0.2.2 45.00 240.00 285.00 OK
r-devel-windows-x86_64-new-TK 0.2.2 NOTE
r-devel-windows-x86_64-old 0.2.2 38.00 172.00 210.00 OK
r-patched-linux-x86_64 0.2.2 29.05 210.82 239.87 OK
r-patched-solaris-x86 0.2.2 367.80 NOTE
r-release-linux-x86_64 0.2.2 20.11 213.24 233.35 OK
r-release-macos-arm64 0.2.2 NOTE
r-release-macos-x86_64 0.2.2 NOTE
r-release-windows-ix86+x86_64 0.2.2 62.00 247.00 309.00 OK
r-oldrel-macos-x86_64 0.2.2 NOTE
r-oldrel-windows-ix86+x86_64 0.2.2 41.00 175.00 216.00 OK

Check Details

Version: 0.2.2
Check: dependencies in R code
Result: NOTE
    Namespaces in Imports field not imported from:
     ‘RCarb’ ‘rmarkdown’ ‘shinyjs’
     All declared Imports should be used.
Flavors: r-devel-linux-x86_64-fedora-clang, r-devel-linux-x86_64-fedora-gcc, r-devel-windows-x86_64-new-TK, r-patched-solaris-x86, r-release-macos-arm64, r-release-macos-x86_64, r-oldrel-macos-x86_64