Last updated on 2023-12-07 04:02:06 CET.
Flavor | Version | Tinstall | Tcheck | Ttotal | Status | Flags |
---|---|---|---|---|---|---|
r-devel-linux-x86_64-debian-clang | 1.3.7 | 7.69 | 62.14 | 69.83 | NOTE | |
r-devel-linux-x86_64-debian-gcc | 1.3.7 | 5.64 | 48.15 | 53.79 | NOTE | |
r-devel-linux-x86_64-fedora-clang | 1.3.7 | 85.18 | OK | |||
r-devel-linux-x86_64-fedora-gcc | 1.3.7 | 92.40 | OK | |||
r-devel-windows-x86_64 | 1.3.7 | 7.00 | 80.00 | 87.00 | OK | |
r-patched-linux-x86_64 | 1.3.7 | 10.04 | 60.96 | 71.00 | OK | |
r-release-linux-x86_64 | 1.3.7 | 6.21 | 60.30 | 66.51 | OK | |
r-release-macos-arm64 | 1.3.7 | 33.00 | OK | |||
r-release-macos-x86_64 | 1.3.7 | 51.00 | OK | |||
r-release-windows-x86_64 | 1.3.7 | 9.00 | 88.00 | 97.00 | OK | |
r-oldrel-macos-arm64 | 1.3.7 | 32.00 | OK | |||
r-oldrel-macos-x86_64 | 1.3.7 | 44.00 | OK | |||
r-oldrel-windows-x86_64 | 1.3.7 | 10.00 | 80.00 | 90.00 | OK |
Version: 1.3.7
Check: Rd files
Result: NOTE
checkRd: (-1) ComprehensiveTemperatureGenerator.Rd:68: Lost braces; missing escapes or markup?
68 | \item{exogen_all}{data frame containing exogenous variable formatted like \code{Tx_all} and {Tn_all}. Default is \code{NULL}.
| ^
checkRd: (-1) qqplot_RMAWGEN_Tx.Rd:70: Lost braces; missing escapes or markup?
70 | \code{Tx_gen},{Tn_gen} and \code{main} must have an even number of elements.
| ^
Flavors: r-devel-linux-x86_64-debian-clang, r-devel-linux-x86_64-debian-gcc