Last updated on 2023-03-21 07:54:21 CET.
Flavor | Version | Tinstall | Tcheck | Ttotal | Status | Flags |
---|---|---|---|---|---|---|
r-devel-linux-x86_64-debian-clang | 1.1.1 | NOTE | ||||
r-devel-linux-x86_64-debian-gcc | 1.1.1 | 46.29 | 22.91 | 69.20 | NOTE | |
r-devel-linux-x86_64-fedora-clang | 1.1.1 | 144.74 | NOTE | |||
r-devel-linux-x86_64-fedora-gcc | 1.1.1 | 117.02 | NOTE | |||
r-devel-windows-x86_64 | 1.1.1 | 66.00 | 75.00 | 141.00 | NOTE | |
r-patched-linux-x86_64 | 1.1.1 | 45.20 | 30.10 | 75.30 | NOTE | |
r-release-linux-x86_64 | 1.1.1 | 43.29 | 30.28 | 73.57 | NOTE | |
r-release-macos-arm64 | 1.1.1 | 30.00 | NOTE | |||
r-release-macos-x86_64 | 1.1.1 | 45.00 | NOTE | |||
r-release-windows-x86_64 | 1.1.1 | 53.00 | 80.00 | 133.00 | NOTE | |
r-oldrel-macos-arm64 | 1.1.1 | 34.00 | NOTE | |||
r-oldrel-macos-x86_64 | 1.1.1 | 63.00 | NOTE | |||
r-oldrel-windows-ix86+x86_64 | 1.1.1 | 109.00 | 86.00 | 195.00 | NOTE |
Version: 1.1.1
Check: LazyData
Result: NOTE
'LazyData' is specified without a 'data' directory
Flavors: r-devel-linux-x86_64-debian-clang, r-devel-linux-x86_64-debian-gcc, r-devel-linux-x86_64-fedora-clang, r-devel-linux-x86_64-fedora-gcc, r-devel-windows-x86_64, r-patched-linux-x86_64, r-release-linux-x86_64, r-release-macos-arm64, r-release-macos-x86_64, r-release-windows-x86_64, r-oldrel-macos-arm64, r-oldrel-macos-x86_64, r-oldrel-windows-ix86+x86_64