CRAN Package Check Results for Package RMPSH

Last updated on 2024-02-27 04:07:16 CET.

Flavor Version Tinstall Tcheck Ttotal Status Flags
r-devel-linux-x86_64-debian-clang 1.1.1 65.09 29.09 94.18 NOTE
r-devel-linux-x86_64-debian-gcc 1.1.1 47.85 22.48 70.33 NOTE
r-devel-linux-x86_64-fedora-clang 1.1.1 137.71 NOTE
r-devel-linux-x86_64-fedora-gcc 1.1.1 126.33 NOTE
r-devel-windows-x86_64 1.1.1 52.00 68.00 120.00 NOTE
r-patched-linux-x86_64 1.1.1 60.05 28.90 88.95 NOTE
r-release-linux-x86_64 1.1.1 58.71 28.93 87.64 NOTE
r-release-macos-arm64 1.1.1 39.00 NOTE
r-release-macos-x86_64 1.1.1 52.00 NOTE
r-release-windows-x86_64 1.1.1 59.00 71.00 130.00 NOTE
r-oldrel-macos-arm64 1.1.1 34.00 NOTE
r-oldrel-windows-x86_64 1.1.1 62.00 68.00 130.00 NOTE

Check Details

Version: 1.1.1
Check: LazyData
Result: NOTE 'LazyData' is specified without a 'data' directory Flavors: r-devel-linux-x86_64-debian-clang, r-devel-linux-x86_64-debian-gcc, r-devel-linux-x86_64-fedora-clang, r-devel-linux-x86_64-fedora-gcc, r-devel-windows-x86_64, r-patched-linux-x86_64, r-release-linux-x86_64, r-release-macos-arm64, r-release-macos-x86_64, r-release-windows-x86_64, r-oldrel-macos-arm64, r-oldrel-windows-x86_64