CRAN Package Check Results for Package RMT4DS

Last updated on 2024-07-25 01:55:47 CEST.

Flavor Version Tinstall Tcheck Ttotal Status Flags
r-devel-linux-x86_64-debian-clang 0.0.1 3.61 54.69 58.30 OK
r-devel-linux-x86_64-debian-gcc 0.0.1 3.49 45.11 48.60 OK
r-devel-linux-x86_64-fedora-clang 0.0.1 78.90 NOTE
r-devel-linux-x86_64-fedora-gcc 0.0.1 94.45 NOTE
r-devel-windows-x86_64 0.0.1 7.00 63.00 70.00 OK
r-patched-linux-x86_64 0.0.1 4.71 57.20 61.91 OK
r-release-linux-x86_64 0.0.1 2.91 58.41 61.32 OK
r-release-macos-arm64 0.0.1 33.00 OK
r-release-macos-x86_64 0.0.1 78.00 OK
r-release-windows-x86_64 0.0.1 5.00 63.00 68.00 OK
r-oldrel-macos-arm64 0.0.1 33.00 OK
r-oldrel-macos-x86_64 0.0.1 56.00 OK
r-oldrel-windows-x86_64 0.0.1 6.00 73.00 79.00 OK

Check Details

Version: 0.0.1
Check: dependencies in R code
Result: NOTE Namespace in Imports field not imported from: ‘quadprog’ All declared Imports should be used. Flavors: r-devel-linux-x86_64-fedora-clang, r-devel-linux-x86_64-fedora-gcc