CRAN Package Check Results for Package RMTL

Last updated on 2021-11-30 23:51:50 CET.

Flavor Version Tinstall Tcheck Ttotal Status Flags
r-devel-linux-x86_64-debian-clang 0.9 4.24 49.15 53.39 NOTE
r-devel-linux-x86_64-debian-gcc 0.9 3.72 41.11 44.83 NOTE
r-devel-linux-x86_64-fedora-clang 0.9 74.77 OK
r-devel-linux-x86_64-fedora-gcc 0.9 64.02 OK
r-devel-windows-x86_64-new-UL 0.9 9.00 86.00 95.00 NOTE
r-devel-windows-x86_64-new-TK 0.9 OK
r-devel-windows-x86_64-old 0.9 7.00 57.00 64.00 NOTE
r-patched-linux-x86_64 0.9 4.22 47.10 51.32 NOTE
r-patched-solaris-x86 0.9 69.70 OK
r-release-linux-x86_64 0.9 3.24 47.05 50.29 NOTE
r-release-macos-arm64 0.9 OK
r-release-macos-x86_64 0.9 OK
r-release-windows-ix86+x86_64 0.9 9.00 73.00 82.00 NOTE
r-oldrel-macos-x86_64 0.9 OK
r-oldrel-windows-ix86+x86_64 0.9 6.00 59.00 65.00 NOTE

Check Details

Version: 0.9
Check: package vignettes
Result: NOTE
    Package vignette with placeholder title 'Vignette Title':
     'rmtl.Rmd'
Flavors: r-devel-linux-x86_64-debian-clang, r-devel-linux-x86_64-debian-gcc, r-devel-windows-x86_64-new-UL, r-devel-windows-x86_64-old, r-patched-linux-x86_64, r-release-linux-x86_64, r-release-windows-ix86+x86_64, r-oldrel-windows-ix86+x86_64