CRAN Package Check Results for Package RMariaDB

Last updated on 2021-12-08 19:51:46 CET.

Flavor Version Tinstall Tcheck Ttotal Status Flags
r-devel-linux-x86_64-debian-clang 1.1.2 117.78 52.19 169.97 OK
r-devel-linux-x86_64-debian-gcc 1.1.2 72.46 40.71 113.17 OK
r-devel-linux-x86_64-fedora-clang 1.1.2 253.39 OK
r-devel-linux-x86_64-fedora-gcc 1.1.2 204.36 OK
r-devel-windows-x86_64-new-UL 1.1.2 295.00 214.00 509.00 OK
r-devel-windows-x86_64-new-TK 1.1.2 OK
r-devel-windows-x86_64-old 1.1.2 269.00 123.00 392.00 OK
r-patched-linux-x86_64 1.1.2 100.69 50.37 151.06 OK
r-release-linux-x86_64 1.1.2 91.28 50.15 141.43 OK
r-release-macos-arm64 1.1.2 NOTE
r-release-macos-x86_64 1.1.2 NOTE
r-release-windows-ix86+x86_64 1.1.2 374.00 172.00 546.00 NOTE
r-oldrel-macos-x86_64 1.1.2 NOTE
r-oldrel-windows-ix86+x86_64 1.1.2 524.00 198.00 722.00 NOTE

Check Details

Version: 1.1.2
Check: installed package size
Result: NOTE
     installed size is 6.5Mb
     sub-directories of 1Mb or more:
     libs 6.1Mb
Flavors: r-release-macos-arm64, r-release-macos-x86_64, r-release-windows-ix86+x86_64, r-oldrel-macos-x86_64, r-oldrel-windows-ix86+x86_64