CRAN Package Check Results for Package RMixtCompIO

Last updated on 2022-12-02 19:49:49 CET.

Flavor Version Tinstall Tcheck Ttotal Status Flags
r-devel-linux-x86_64-debian-clang 4.0.8 338.29 172.82 511.11 OK
r-devel-linux-x86_64-debian-gcc 4.0.8 270.88 137.54 408.42 OK
r-devel-linux-x86_64-fedora-clang 4.0.8 742.63 OK
r-devel-linux-x86_64-fedora-gcc 4.0.8 690.80 OK
r-devel-windows-x86_64 4.0.8 505.00 262.00 767.00 OK
r-patched-linux-x86_64 4.0.8 278.23 172.11 450.34 OK
r-release-linux-x86_64 4.0.8 276.63 169.19 445.82 OK
r-release-macos-arm64 4.0.8 187.00 NOTE
r-release-macos-x86_64 4.0.8 232.00 NOTE
r-release-windows-x86_64 4.0.8 347.00 267.00 614.00 OK
r-oldrel-macos-arm64 4.0.8 196.00 NOTE
r-oldrel-macos-x86_64 4.0.8 233.00 NOTE
r-oldrel-windows-ix86+x86_64 4.0.8 796.00 435.00 1231.00 OK

Check Details

Version: 4.0.8
Check: installed package size
Result: NOTE
     installed size is 29.1Mb
     sub-directories of 1Mb or more:
     libs 29.0Mb
Flavors: r-release-macos-arm64, r-release-macos-x86_64, r-oldrel-macos-arm64, r-oldrel-macos-x86_64