Last updated on 2023-10-01 12:58:48 CEST.
Flavor | Version | Tinstall | Tcheck | Ttotal | Status | Flags |
---|---|---|---|---|---|---|
r-devel-linux-x86_64-debian-clang | 1.0.10 | 18.42 | 92.26 | 110.68 | OK | |
r-devel-linux-x86_64-debian-gcc | 1.0.10 | 13.52 | 68.46 | 81.98 | OK | |
r-devel-linux-x86_64-fedora-clang | 1.0.10 | 136.26 | NOTE | |||
r-devel-linux-x86_64-fedora-gcc | 1.0.10 | 139.26 | OK | |||
r-devel-windows-x86_64 | 1.0.10 | 12.00 | 79.00 | 91.00 | OK | |
r-patched-linux-x86_64 | 1.0.10 | 19.20 | 91.59 | 110.79 | OK | |
r-release-linux-x86_64 | 1.0.10 | 15.27 | 91.07 | 106.34 | OK | |
r-release-macos-arm64 | 1.0.10 | 47.00 | OK | |||
r-release-macos-x86_64 | 1.0.10 | 83.00 | OK | |||
r-release-windows-x86_64 | 1.0.10 | 17.00 | 91.00 | 108.00 | OK | |
r-oldrel-macos-arm64 | 1.0.10 | 85.00 | OK | |||
r-oldrel-macos-x86_64 | 1.0.10 | 150.00 | OK | |||
r-oldrel-windows-x86_64 | 1.0.10 | 16.00 | 92.00 | 108.00 | OK |
Version: 1.0.10
Check: Rd cross-references
Result: NOTE
Undeclared packages ‘fossil’, ‘raster’ in Rd xrefs
Flavor: r-devel-linux-x86_64-fedora-clang