Last updated on 2023-09-28 20:56:56 CEST.
Flavor | Version | Tinstall | Tcheck | Ttotal | Status | Flags |
---|---|---|---|---|---|---|
r-devel-linux-x86_64-debian-clang | 2.6-2 | 21.49 | 44.34 | 65.83 | OK | |
r-devel-linux-x86_64-debian-gcc | 2.6-2 | 14.19 | 34.40 | 48.59 | OK | |
r-devel-linux-x86_64-fedora-clang | 2.6-2 | 83.13 | OK | |||
r-devel-linux-x86_64-fedora-gcc | 2.6-2 | 84.27 | OK | |||
r-devel-windows-x86_64 | 2.6-2 | 33.00 | 171.00 | 204.00 | NOTE | |
r-patched-linux-x86_64 | 2.6-2 | 17.91 | 44.58 | 62.49 | OK | |
r-release-linux-x86_64 | 2.6-2 | 16.25 | 44.62 | 60.87 | OK | |
r-release-macos-arm64 | 2.6-2 | 41.00 | NOTE | |||
r-release-macos-x86_64 | 2.6-2 | 61.00 | NOTE | |||
r-release-windows-x86_64 | 2.6-2 | 34.00 | 162.00 | 196.00 | NOTE | |
r-oldrel-macos-arm64 | 2.6-2 | 43.00 | NOTE | |||
r-oldrel-macos-x86_64 | 2.6-2 | 52.00 | NOTE | |||
r-oldrel-windows-x86_64 | 2.6-2 | 27.00 | 121.00 | 148.00 | NOTE |
Version: 2.6-2
Check: installed package size
Result: NOTE
installed size is 10.8Mb
sub-directories of 1Mb or more:
libs 10.4Mb
Flavors: r-devel-windows-x86_64, r-release-macos-arm64, r-release-macos-x86_64, r-release-windows-x86_64, r-oldrel-macos-arm64, r-oldrel-macos-x86_64, r-oldrel-windows-x86_64
Version: 2.6-2
Check: package dependencies
Result: NOTE
Package which this enhances but not available for checking: ‘pbdMPI’
Flavors: r-release-macos-arm64, r-release-macos-x86_64, r-oldrel-macos-arm64, r-oldrel-macos-x86_64
Version: 2.6-2
Check: Rd cross-references
Result: NOTE
Package unavailable to check Rd xrefs: ‘pbdMPI’
Flavors: r-release-macos-arm64, r-release-macos-x86_64, r-oldrel-macos-arm64, r-oldrel-macos-x86_64