Last updated on 2023-03-29 16:50:26 CEST.
Flavor | Version | Tinstall | Tcheck | Ttotal | Status | Flags |
---|---|---|---|---|---|---|
r-devel-linux-x86_64-debian-clang | 1.2.6 | 95.56 | 131.72 | 227.28 | NOTE | |
r-devel-linux-x86_64-debian-gcc | 1.2.6 | 77.71 | 98.31 | 176.02 | NOTE | |
r-devel-linux-x86_64-fedora-clang | 1.2.6 | 308.47 | NOTE | |||
r-devel-linux-x86_64-fedora-gcc | 1.2.6 | 307.11 | NOTE | |||
r-devel-windows-x86_64 | 1.2.6 | 100.00 | 185.00 | 285.00 | NOTE | |
r-patched-linux-x86_64 | 1.2.6 | 78.91 | 121.32 | 200.23 | NOTE | |
r-release-linux-x86_64 | 1.2.6 | 80.93 | 120.90 | 201.83 | OK | |
r-release-macos-arm64 | 1.2.6 | 72.00 | OK | |||
r-release-macos-x86_64 | 1.2.6 | 95.00 | OK | |||
r-release-windows-x86_64 | 1.2.6 | 96.00 | 173.00 | 269.00 | OK | |
r-oldrel-macos-arm64 | 1.2.6 | 84.00 | OK | |||
r-oldrel-macos-x86_64 | 1.2.6 | 135.00 | OK | |||
r-oldrel-windows-ix86+x86_64 | 1.2.6 | 226.00 | 211.00 | 437.00 | OK |
Version: 1.2.6
Check: C++ specification
Result: NOTE
Specified C++11: please drop specification unless essential
Flavors: r-devel-linux-x86_64-debian-clang, r-devel-linux-x86_64-debian-gcc, r-devel-linux-x86_64-fedora-clang, r-devel-linux-x86_64-fedora-gcc, r-devel-windows-x86_64, r-patched-linux-x86_64