Last updated on 2023-12-11 11:53:45 CET.
Flavor | Version | Tinstall | Tcheck | Ttotal | Status | Flags |
---|---|---|---|---|---|---|
r-devel-linux-x86_64-debian-clang | 1.0-1 | 8.65 | 648.20 | 656.85 | NOTE | |
r-devel-linux-x86_64-debian-gcc | 1.0-1 | 6.60 | 428.58 | 435.18 | NOTE | |
r-devel-linux-x86_64-fedora-clang | 1.0-1 | 76.12 | OK | |||
r-devel-linux-x86_64-fedora-gcc | 1.0-1 | 70.96 | OK | |||
r-devel-windows-x86_64 | 1.0-1 | 40.00 | 331.00 | 371.00 | OK | |
r-patched-linux-x86_64 | 1.0-1 | 7.18 | 607.12 | 614.30 | OK | |
r-release-linux-x86_64 | 1.0-1 | 7.83 | 609.35 | 617.18 | OK | |
r-release-macos-arm64 | 1.0-1 | 25.00 | OK | |||
r-release-macos-x86_64 | 1.0-1 | 46.00 | OK | |||
r-release-windows-x86_64 | 1.0-1 | 48.00 | 423.00 | 471.00 | OK | |
r-oldrel-macos-arm64 | 1.0-1 | 26.00 | OK | |||
r-oldrel-macos-x86_64 | 1.0-1 | 35.00 | OK | |||
r-oldrel-windows-x86_64 | 1.0-1 | 55.00 | 637.00 | 692.00 | OK |
Version: 1.0-1
Check: Rd files
Result: NOTE
checkRd: (-1) ROI_plugin_build_equality_constraints.Rd:27: Lost braces in \enumerate; meant \describe ?
checkRd: (-1) ROI_plugin_build_equality_constraints.Rd:28: Lost braces in \enumerate; meant \describe ?
checkRd: (-1) ROI_plugin_build_inequality_constraints.Rd:27: Lost braces in \enumerate; meant \describe ?
checkRd: (-1) ROI_plugin_build_inequality_constraints.Rd:28: Lost braces in \enumerate; meant \describe ?
checkRd: (-1) ROI_plugin_build_inequality_constraints.Rd:29: Lost braces in \enumerate; meant \describe ?
checkRd: (-1) ROI_solve.Rd:26: Lost braces in \itemize; \value handles \item{}{} directly
checkRd: (-1) ROI_solve.Rd:27: Lost braces in \itemize; \value handles \item{}{} directly
checkRd: (-1) ROI_solve.Rd:28-30: Lost braces in \itemize; \value handles \item{}{} directly
checkRd: (-1) ROI_solve.Rd:31: Lost braces in \itemize; \value handles \item{}{} directly
Flavors: r-devel-linux-x86_64-debian-clang, r-devel-linux-x86_64-debian-gcc