CRAN Package Check Results for Package ROOPSD

Last updated on 2021-12-03 19:50:25 CET.

Flavor Version Tinstall Tcheck Ttotal Status Flags
r-devel-linux-x86_64-debian-clang 0.2.5 9.60 32.27 41.87 NOTE
r-devel-linux-x86_64-debian-gcc 0.2.5 6.25 24.64 30.89 NOTE
r-devel-linux-x86_64-fedora-clang 0.2.5 63.59 NOTE
r-devel-linux-x86_64-fedora-gcc 0.2.5 52.32 NOTE
r-devel-windows-x86_64-new-UL 0.2.5 20.00 68.00 88.00 NOTE
r-devel-windows-x86_64-new-TK 0.2.5 NOTE
r-devel-windows-x86_64-old 0.2.5 17.00 38.00 55.00 NOTE
r-patched-linux-x86_64 0.2.5 9.50 30.22 39.72 NOTE
r-release-linux-x86_64 0.2.5 9.60 30.09 39.69 NOTE
r-release-macos-arm64 0.2.5 NOTE
r-release-macos-x86_64 0.2.5 NOTE
r-release-windows-ix86+x86_64 0.2.5 20.00 54.00 74.00 NOTE
r-oldrel-macos-x86_64 0.2.5 OK
r-oldrel-windows-ix86+x86_64 0.2.5 19.00 50.00 69.00 OK

Check Details

Version: 0.2.5
Check: LazyData
Result: NOTE
     'LazyData' is specified without a 'data' directory
Flavors: r-devel-linux-x86_64-debian-clang, r-devel-linux-x86_64-debian-gcc, r-devel-linux-x86_64-fedora-clang, r-devel-linux-x86_64-fedora-gcc, r-devel-windows-x86_64-new-UL, r-devel-windows-x86_64-new-TK, r-devel-windows-x86_64-old, r-patched-linux-x86_64, r-release-linux-x86_64, r-release-macos-arm64, r-release-macos-x86_64, r-release-windows-ix86+x86_64