CRAN Package Check Results for Package RPostgres

Last updated on 2021-12-08 19:51:47 CET.

Flavor Version Tinstall Tcheck Ttotal Status Flags
r-devel-linux-x86_64-debian-clang 1.4.2 158.81 62.68 221.49 OK
r-devel-linux-x86_64-debian-gcc 1.4.2 107.06 49.22 156.28 OK
r-devel-linux-x86_64-fedora-clang 1.4.2 349.15 OK
r-devel-linux-x86_64-fedora-gcc 1.4.2 290.84 OK
r-devel-windows-x86_64-new-UL 1.4.2 433.00 364.00 797.00 OK
r-devel-windows-x86_64-new-TK 1.4.2 OK
r-devel-windows-x86_64-old 1.4.1 396.00 134.00 530.00 OK
r-patched-linux-x86_64 1.4.2 136.61 59.71 196.32 OK
r-release-linux-x86_64 1.4.1 130.11 59.92 190.03 OK
r-release-macos-arm64 1.4.2 NOTE
r-release-macos-x86_64 1.4.2 NOTE
r-release-windows-ix86+x86_64 1.4.2 726.00 175.00 901.00 NOTE
r-oldrel-macos-x86_64 1.4.2 NOTE
r-oldrel-windows-ix86+x86_64 1.4.2 480.00 199.00 679.00 NOTE

Check Details

Version: 1.4.2
Check: installed package size
Result: NOTE
     installed size is 7.7Mb
     sub-directories of 1Mb or more:
     libs 7.2Mb
Flavors: r-release-macos-arm64, r-release-macos-x86_64, r-release-windows-ix86+x86_64, r-oldrel-macos-x86_64, r-oldrel-windows-ix86+x86_64