CRAN Package Check Results for Package RQEntangle

Last updated on 2024-03-04 03:52:42 CET.

Flavor Version Tinstall Tcheck Ttotal Status Flags
r-devel-linux-x86_64-debian-clang 0.1.3 2.32 46.21 48.53 NOTE
r-devel-linux-x86_64-debian-gcc 0.1.3 2.08 34.36 36.44 NOTE
r-devel-linux-x86_64-fedora-clang 0.1.3 62.30 NOTE
r-devel-linux-x86_64-fedora-gcc 0.1.3 74.13 NOTE
r-devel-windows-x86_64 0.1.3 3.00 58.00 61.00 NOTE
r-patched-linux-x86_64 0.1.3 2.99 44.27 47.26 NOTE
r-release-linux-x86_64 0.1.3 2.25 44.15 46.40 NOTE
r-release-macos-arm64 0.1.3 29.00 NOTE
r-release-macos-x86_64 0.1.3 39.00 NOTE
r-release-windows-x86_64 0.1.3 4.00 66.00 70.00 NOTE
r-oldrel-macos-arm64 0.1.3 27.00 NOTE
r-oldrel-windows-x86_64 0.1.3 4.00 66.00 70.00 NOTE

Check Details

Version: 0.1.3
Check: LazyData
Result: NOTE 'LazyData' is specified without a 'data' directory Flavors: r-devel-linux-x86_64-debian-clang, r-devel-linux-x86_64-debian-gcc, r-devel-linux-x86_64-fedora-clang, r-devel-linux-x86_64-fedora-gcc, r-devel-windows-x86_64, r-patched-linux-x86_64, r-release-linux-x86_64, r-release-macos-arm64, r-release-macos-x86_64, r-release-windows-x86_64, r-oldrel-macos-arm64, r-oldrel-windows-x86_64