CRAN Package Check Results for Package RRTCS

Last updated on 2021-09-21 04:55:33 CEST.

Flavor Version Tinstall Tcheck Ttotal Status Flags
r-devel-linux-x86_64-debian-clang 0.0.4 4.12 45.52 49.64 OK
r-devel-linux-x86_64-debian-gcc 0.0.4 2.97 35.66 38.63 OK
r-devel-linux-x86_64-fedora-clang 0.0.4 69.37 OK
r-devel-linux-x86_64-fedora-gcc 0.0.4 58.57 OK
r-devel-windows-x86_64 0.0.4 5.00 59.00 64.00 OK
r-devel-windows-x86_64-gcc10-UCRT 0.0.4 ERROR
r-patched-linux-x86_64 0.0.4 4.72 40.68 45.40 OK
r-patched-solaris-x86 0.0.4 78.70 OK
r-release-linux-x86_64 0.0.4 4.08 40.58 44.66 OK
r-release-macos-arm64 0.0.4 OK
r-release-macos-x86_64 0.0.4 OK
r-release-windows-ix86+x86_64 0.0.4 9.00 63.00 72.00 OK
r-oldrel-macos-x86_64 0.0.4 OK
r-oldrel-windows-ix86+x86_64 0.0.4 8.00 75.00 83.00 OK

Check Details

Version: 0.0.4
Check: whether package can be installed
Result: WARN
    Found the following significant warnings:
     WARNING: installation-time patches will not be applied, could not get the patches index
Flavor: r-devel-windows-x86_64-gcc10-UCRT

Version: 0.0.4
Check: PDF version of manual
Result: WARN
    LaTeX errors when creating PDF version.
    This typically indicates Rd problems.
Flavor: r-devel-windows-x86_64-gcc10-UCRT

Version: 0.0.4
Check: PDF version of manual without hyperrefs or index
Result: ERROR
    Re-running with no redirection of stdout/stderr.
Flavor: r-devel-windows-x86_64-gcc10-UCRT