CRAN Package Check Results for Package RRreg

Last updated on 2021-09-23 08:51:19 CEST.

Flavor Version Tinstall Tcheck Ttotal Status Flags
r-devel-linux-x86_64-debian-clang 0.7.3 12.80 106.33 119.13 OK
r-devel-linux-x86_64-debian-gcc 0.7.3 9.40 79.38 88.78 OK
r-devel-linux-x86_64-fedora-clang 0.7.3 151.13 OK
r-devel-linux-x86_64-fedora-gcc 0.7.3 138.42 OK
r-devel-windows-x86_64 0.7.3 15.00 94.00 109.00 OK
r-devel-windows-x86_64-gcc10-UCRT 0.7.3 ERROR
r-patched-linux-x86_64 0.7.3 16.82 103.45 120.27 OK
r-patched-solaris-x86 0.7.3 190.90 OK
r-release-linux-x86_64 0.7.3 12.56 102.44 115.00 OK
r-release-macos-arm64 0.7.3 OK
r-release-macos-x86_64 0.7.3 OK
r-release-windows-ix86+x86_64 0.7.3 26.00 128.00 154.00 OK
r-oldrel-macos-x86_64 0.7.3 OK
r-oldrel-windows-ix86+x86_64 0.7.3 21.00 91.00 112.00 OK

Check Details

Version: 0.7.3
Check: PDF version of manual
Result: WARN
    LaTeX errors when creating PDF version.
    This typically indicates Rd problems.
Flavor: r-devel-windows-x86_64-gcc10-UCRT

Version: 0.7.3
Check: PDF version of manual without hyperrefs or index
Result: ERROR
    Re-running with no redirection of stdout/stderr.
Flavor: r-devel-windows-x86_64-gcc10-UCRT