CRAN Package Check Results for Package RSAGA

Last updated on 2021-11-30 11:52:09 CET.

Flavor Version Tinstall Tcheck Ttotal Status Flags
r-devel-linux-x86_64-debian-clang 1.3.0 10.55 79.61 90.16 OK
r-devel-linux-x86_64-debian-gcc 1.3.0 9.42 61.58 71.00 OK
r-devel-linux-x86_64-fedora-clang 1.3.0 122.91 NOTE
r-devel-linux-x86_64-fedora-gcc 1.3.0 110.43 OK
r-devel-windows-x86_64-new-UL 1.3.0 24.00 129.00 153.00 OK
r-devel-windows-x86_64-new-TK 1.3.0 OK
r-devel-windows-x86_64-old 1.3.0 18.00 80.00 98.00 OK
r-patched-linux-x86_64 1.3.0 11.98 76.97 88.95 OK
r-patched-solaris-x86 1.3.0 145.50 NOTE
r-release-linux-x86_64 1.3.0 11.29 79.85 91.14 OK
r-release-macos-arm64 1.3.0 OK
r-release-macos-x86_64 1.3.0 OK
r-release-windows-ix86+x86_64 1.3.0 20.00 115.00 135.00 OK
r-oldrel-macos-x86_64 1.3.0 OK
r-oldrel-windows-ix86+x86_64 1.3.0 15.00 76.00 91.00 OK

Check Details

Version: 1.3.0
Check: Rd cross-references
Result: NOTE
    Undeclared package ‘sp’ in Rd xrefs
Flavor: r-devel-linux-x86_64-fedora-clang

Version: 1.3.0
Check: for detritus in the temp directory
Result: NOTE
    Found the following files/directories:
     ‘Rtmp_Gaq20’
Flavor: r-patched-solaris-x86