CRAN Package Check Results for Package RSKC

Last updated on 2021-10-16 16:49:35 CEST.

Flavor Version Tinstall Tcheck Ttotal Status Flags
r-devel-linux-x86_64-debian-clang 2.4.2 5.88 40.53 46.41 OK
r-devel-linux-x86_64-debian-gcc 2.4.2 4.77 31.91 36.68 OK
r-devel-linux-x86_64-fedora-clang 2.4.2 66.66 NOTE
r-devel-linux-x86_64-fedora-gcc 2.4.2 56.14 NOTE
r-devel-windows-x86_64 2.4.2 8.00 47.00 55.00 OK
r-devel-windows-x86_64-gcc10-UCRT 2.4.2 OK
r-patched-linux-x86_64 2.4.2 6.53 39.36 45.89 OK
r-patched-solaris-x86 2.4.2 98.90 OK
r-release-linux-x86_64 2.4.2 6.09 39.46 45.55 OK
r-release-macos-arm64 2.4.2 OK
r-release-macos-x86_64 2.4.2 OK
r-release-windows-ix86+x86_64 2.4.2 16.00 83.00 99.00 OK
r-oldrel-macos-x86_64 2.4.2 OK
r-oldrel-windows-ix86+x86_64 2.4.2 15.00 83.00 98.00 OK

Check Details

Version: 2.4.2
Check: compiled code
Result: NOTE
    File ‘RSKC/libs/RSKC.so’:
     Found no calls to: ‘R_registerRoutines’, ‘R_useDynamicSymbols’
    
    It is good practice to register native routines and to disable symbol
    search.
    
    See ‘Writing portable packages’ in the ‘Writing R Extensions’ manual.
Flavors: r-devel-linux-x86_64-fedora-clang, r-devel-linux-x86_64-fedora-gcc