Last updated on 2023-11-29 04:01:12 CET.
Flavor | Version | Tinstall | Tcheck | Ttotal | Status | Flags |
---|---|---|---|---|---|---|
r-devel-linux-x86_64-debian-clang | 0.4-16 | 98.87 | 56.51 | 155.38 | WARN | |
r-devel-linux-x86_64-debian-gcc | 0.4-16 | 75.72 | 42.81 | 118.53 | OK | |
r-devel-linux-x86_64-fedora-clang | 0.4-16 | 261.33 | WARN | |||
r-devel-linux-x86_64-fedora-gcc | 0.4-16 | 220.51 | OK | |||
r-devel-windows-x86_64 | 0.4-16 | 86.00 | 105.00 | 191.00 | OK | |
r-patched-linux-x86_64 | 0.4-16 | 90.73 | 54.98 | 145.71 | OK | |
r-release-linux-x86_64 | 0.4-16 | 92.94 | 55.58 | 148.52 | OK | |
r-release-macos-arm64 | 0.4-16 | 65.00 | NOTE | |||
r-release-macos-x86_64 | 0.4-16 | 100.00 | NOTE | |||
r-release-windows-x86_64 | 0.4-16 | 93.00 | 114.00 | 207.00 | OK | |
r-oldrel-macos-arm64 | 0.4-16 | 64.00 | NOTE | |||
r-oldrel-macos-x86_64 | 0.4-16 | 80.00 | NOTE | |||
r-oldrel-windows-x86_64 | 0.4-16 | 134.00 | 100.00 | 234.00 | OK |
Version: 0.4-16
Check: whether package can be installed
Result: WARN
Found the following significant warnings:
SnnsCLibGenericR_util.c:73:12: warning: format string is not a string literal (potentially insecure) [-Wformat-security]
See ‘/home/hornik/tmp/R.check/r-devel-clang/Work/PKGS/RSNNS.Rcheck/00install.out’ for details.
* used C compiler: ‘Debian clang version 17.0.5 (1)’
* used C++ compiler: ‘Debian clang version 17.0.5 (1)’
Flavor: r-devel-linux-x86_64-debian-clang
Version: 0.4-16
Check: whether package can be installed
Result: WARN
Found the following significant warnings:
SnnsCLibGenericR_util.c:73:12: warning: format string is not a string literal (potentially insecure) [-Wformat-security]
See ‘/data/gannet/ripley/R/packages/tests-clang/RSNNS.Rcheck/00install.out’ for details.
* used C compiler: ‘clang version 17.0.5’
* used C++ compiler: ‘clang version 17.0.5’
Flavor: r-devel-linux-x86_64-fedora-clang
Version: 0.4-16
Check: installed package size
Result: NOTE
installed size is 7.3Mb
sub-directories of 1Mb or more:
libs 6.3Mb
Flavors: r-release-macos-arm64, r-release-macos-x86_64, r-oldrel-macos-arm64, r-oldrel-macos-x86_64