CRAN Package Check Results for Package RSpectra

Last updated on 2021-11-30 03:57:07 CET.

Flavor Version Tinstall Tcheck Ttotal Status Flags
r-devel-linux-x86_64-debian-clang 0.16-0 182.05 67.17 249.22 OK
r-devel-linux-x86_64-debian-gcc 0.16-0 155.39 57.29 212.68 OK
r-devel-linux-x86_64-fedora-clang 0.16-0 370.17 NOTE
r-devel-linux-x86_64-fedora-gcc 0.16-0 374.82 OK
r-devel-windows-x86_64-new-UL 0.16-0 208.00 186.00 394.00 OK
r-devel-windows-x86_64-new-TK 0.16-0 OK
r-devel-windows-x86_64-old 0.16-0 210.00 117.00 327.00 OK
r-patched-linux-x86_64 0.16-0 184.24 70.27 254.51 OK
r-patched-solaris-x86 0.16-0 317.30 OK
r-release-linux-x86_64 0.16-0 180.63 70.79 251.42 OK
r-release-macos-arm64 0.16-0 NOTE
r-release-macos-x86_64 0.16-0 NOTE
r-release-windows-ix86+x86_64 0.16-0 387.00 149.00 536.00 OK
r-oldrel-macos-x86_64 0.16-0 NOTE
r-oldrel-windows-ix86+x86_64 0.16-0 289.00 125.00 414.00 OK

Check Details

Version: 0.16-0
Check: installed package size
Result: NOTE
     installed size is 41.3Mb
     sub-directories of 1Mb or more:
     libs 40.7Mb
Flavors: r-devel-linux-x86_64-fedora-clang, r-release-macos-arm64, r-release-macos-x86_64, r-oldrel-macos-x86_64