CRAN Package Check Results for Package RStoolbox

Last updated on 2021-10-22 00:50:39 CEST.

Flavor Version Tinstall Tcheck Ttotal Status Flags
r-devel-linux-x86_64-debian-clang 0.2.6 147.82 567.41 715.23 OK
r-devel-linux-x86_64-debian-gcc 0.2.6 111.69 423.69 535.38 OK
r-devel-linux-x86_64-fedora-clang 0.2.6 919.09 NOTE
r-devel-linux-x86_64-fedora-gcc 0.2.6 865.22 OK
r-devel-windows-x86_64 0.2.6 202.00 651.00 853.00 OK
r-devel-windows-x86_64-gcc10-UCRT 0.2.6 OK
r-patched-linux-x86_64 0.2.6 133.01 540.53 673.54 OK
r-patched-solaris-x86 0.2.6 994.90 OK
r-release-linux-x86_64 0.2.6 133.26 541.49 674.75 OK
r-release-macos-arm64 0.2.6 NOTE
r-release-macos-x86_64 0.2.6 NOTE
r-release-windows-ix86+x86_64 0.2.6 272.00 988.00 1260.00 OK
r-oldrel-macos-x86_64 0.2.6 NOTE
r-oldrel-windows-ix86+x86_64 0.2.6 345.00 803.00 1148.00 OK

Check Details

Version: 0.2.6
Check: installed package size
Result: NOTE
     installed size is 5.2Mb
     sub-directories of 1Mb or more:
     libs 3.7Mb
Flavors: r-devel-linux-x86_64-fedora-clang, r-release-macos-arm64, r-release-macos-x86_64, r-oldrel-macos-x86_64