CRAN Package Check Results for Package RSurveillance

Last updated on 2023-12-07 15:48:31 CET.

Flavor Version Tinstall Tcheck Ttotal Status Flags
r-devel-linux-x86_64-debian-clang 0.2.1 3.97 51.80 55.77 OK
r-devel-linux-x86_64-debian-gcc 0.2.1 3.62 38.88 42.50 OK
r-devel-linux-x86_64-fedora-clang 0.2.1 69.59 NOTE
r-devel-linux-x86_64-fedora-gcc 0.2.1 59.93 NOTE
r-devel-windows-x86_64 0.2.1 6.00 72.00 78.00 OK
r-patched-linux-x86_64 0.2.1 3.63 50.48 54.11 OK
r-release-linux-x86_64 0.2.1 3.15 49.38 52.53 OK
r-release-macos-arm64 0.2.1 26.00 OK
r-release-macos-x86_64 0.2.1 37.00 OK
r-release-windows-x86_64 0.2.1 8.00 78.00 86.00 OK
r-oldrel-macos-arm64 0.2.1 21.00 NOTE
r-oldrel-macos-x86_64 0.2.1 32.00 NOTE
r-oldrel-windows-x86_64 0.2.1 7.00 72.00 79.00 OK

Check Details

Version: 0.2.1
Check: dependencies in R code
Result: NOTE Namespace in Imports field not imported from: ‘mc2d’ All declared Imports should be used. Flavors: r-devel-linux-x86_64-fedora-clang, r-devel-linux-x86_64-fedora-gcc, r-oldrel-macos-arm64, r-oldrel-macos-x86_64