CRAN Package Check Results for Package RTL

Last updated on 2021-12-09 07:50:24 CET.

Flavor Version Tinstall Tcheck Ttotal Status Flags
r-devel-linux-x86_64-debian-clang 0.1.8 12.57 67.10 79.67 OK
r-devel-linux-x86_64-debian-gcc 0.1.8 10.39 51.92 62.31 OK
r-devel-linux-x86_64-fedora-clang 0.1.8 102.70 NOTE
r-devel-linux-x86_64-fedora-gcc 0.1.8 91.75 NOTE
r-devel-windows-x86_64-new-UL 0.1.8 28.00 112.00 140.00 OK
r-devel-windows-x86_64-new-TK 0.1.8 NOTE
r-devel-windows-x86_64-old 0.1.8 21.00 102.00 123.00 OK
r-patched-linux-x86_64 0.1.8 12.17 64.56 76.73 OK
r-release-linux-x86_64 0.1.8 12.61 65.65 78.26 OK
r-release-macos-arm64 0.1.8 NOTE
r-release-macos-x86_64 0.1.8 NOTE
r-release-windows-ix86+x86_64 0.1.8 16.00 96.00 112.00 OK
r-oldrel-macos-x86_64 0.1.8 NOTE
r-oldrel-windows-ix86+x86_64 0.1.8 23.00 84.00 107.00 OK

Check Details

Version: 0.1.8
Check: package dependencies
Result: NOTE
    Imports includes 24 non-default packages.
    Importing from so many packages makes the package vulnerable to any of
    them becoming unavailable. Move as many as possible to Suggests and
    use conditionally.
Flavor: r-devel-linux-x86_64-fedora-clang

Version: 0.1.8
Check: dependencies in R code
Result: NOTE
    Namespace in Imports field not imported from: ‘tidyverse’
     All declared Imports should be used.
Flavors: r-devel-linux-x86_64-fedora-clang, r-devel-linux-x86_64-fedora-gcc, r-devel-windows-x86_64-new-TK, r-release-macos-arm64, r-release-macos-x86_64, r-oldrel-macos-x86_64

Version: 0.1.8
Check: data for non-ASCII characters
Result: NOTE
     Note: found 633 marked UTF-8 strings
Flavors: r-devel-linux-x86_64-fedora-clang, r-devel-linux-x86_64-fedora-gcc, r-devel-windows-x86_64-new-TK, r-release-macos-arm64, r-release-macos-x86_64, r-oldrel-macos-x86_64