CRAN Package Check Results for Package RTTWebClient

Last updated on 2023-10-02 05:06:49 CEST.

Flavor Version Tinstall Tcheck Ttotal Status Flags
r-devel-linux-x86_64-debian-clang 0.1.3 4.09 36.36 40.45 NOTE
r-devel-linux-x86_64-debian-gcc 0.1.3 3.57 27.40 30.97 NOTE
r-devel-linux-x86_64-fedora-clang 0.1.3 51.29 NOTE
r-devel-linux-x86_64-fedora-gcc 0.1.3 63.24 NOTE
r-devel-windows-x86_64 0.1.3 6.00 51.00 57.00 NOTE
r-patched-linux-x86_64 0.1.3 4.71 34.18 38.89 NOTE
r-release-linux-x86_64 0.1.3 4.31 33.87 38.18 NOTE
r-release-macos-arm64 0.1.3 39.00 NOTE
r-release-macos-x86_64 0.1.3 35.00 NOTE
r-release-windows-x86_64 0.1.3 8.00 50.00 58.00 NOTE
r-oldrel-macos-arm64 0.1.3 19.00 OK
r-oldrel-macos-x86_64 0.1.3 29.00 OK
r-oldrel-windows-x86_64 0.1.3 8.00 54.00 62.00 OK

Check Details

Version: 0.1.3
Check: package subdirectories
Result: NOTE
    Problems with news in ‘NEWS.md’:
    No news entries found.
Flavors: r-devel-linux-x86_64-debian-clang, r-devel-linux-x86_64-debian-gcc, r-devel-linux-x86_64-fedora-clang, r-devel-linux-x86_64-fedora-gcc, r-devel-windows-x86_64, r-patched-linux-x86_64, r-release-linux-x86_64, r-release-macos-arm64, r-release-macos-x86_64, r-release-windows-x86_64