CRAN Package Check Results for Package RVA

Last updated on 2021-10-27 16:49:18 CEST.

Flavor Version Tinstall Tcheck Ttotal Status Flags
r-devel-linux-x86_64-debian-clang 0.0.4 42.96 448.19 491.15 OK
r-devel-linux-x86_64-debian-gcc 0.0.4 36.90 341.93 378.83 OK
r-devel-linux-x86_64-fedora-clang 0.0.4 600.52 NOTE
r-devel-linux-x86_64-fedora-gcc 0.0.4 586.28 NOTE
r-devel-windows-x86_64 0.0.4 65.00 493.00 558.00 OK
r-devel-windows-x86_64-gcc10-UCRT 0.0.4 NOTE
r-patched-linux-x86_64 0.0.4 41.22 427.09 468.31 OK
r-patched-solaris-x86 0.0.4 718.50 NOTE
r-release-linux-x86_64 0.0.4 41.68 425.58 467.26 OK
r-release-macos-arm64 0.0.4 ERROR
r-release-macos-x86_64 0.0.4 ERROR
r-release-windows-ix86+x86_64 0.0.4 69.00 487.00 556.00 OK
r-oldrel-macos-x86_64 0.0.4 ERROR
r-oldrel-windows-ix86+x86_64 0.0.4 21.00 8.00 29.00 ERROR

Check Details

Version: 0.0.4
Check: package dependencies
Result: NOTE
    Imports includes 22 non-default packages.
    Importing from so many packages makes the package vulnerable to any of
    them becoming unavailable. Move as many as possible to Suggests and
    use conditionally.
Flavor: r-devel-linux-x86_64-fedora-clang

Version: 0.0.4
Check: dependencies in R code
Result: NOTE
    Namespace in Imports field not imported from: ‘XML’
     All declared Imports should be used.
Flavors: r-devel-linux-x86_64-fedora-clang, r-devel-linux-x86_64-fedora-gcc, r-devel-windows-x86_64-gcc10-UCRT, r-patched-solaris-x86

Version: 0.0.4
Check: package dependencies
Result: ERROR
    Package required but not available: ‘rWikiPathways’
    
    See section ‘The DESCRIPTION file’ in the ‘Writing R Extensions’
    manual.
Flavor: r-release-macos-arm64

Version: 0.0.4
Check: package dependencies
Result: ERROR
    Packages required but not available:
     'GSVAdata', 'clusterProfiler', 'org.Hs.eg.db', 'rWikiPathways'
    
    See section ‘The DESCRIPTION file’ in the ‘Writing R Extensions’
    manual.
Flavor: r-release-macos-x86_64

Version: 0.0.4
Check: package dependencies
Result: ERROR
    Packages required but not available:
     'GSVAdata', 'clusterProfiler', 'rWikiPathways'
    
    See section ‘The DESCRIPTION file’ in the ‘Writing R Extensions’
    manual.
Flavor: r-oldrel-macos-x86_64

Version: 0.0.4
Check: whether package can be installed
Result: ERROR
    Installation failed.
Flavor: r-oldrel-windows-ix86+x86_64