Last updated on 2023-05-31 04:57:16 CEST.
Flavor | Version | Tinstall | Tcheck | Ttotal | Status | Flags |
---|---|---|---|---|---|---|
r-devel-linux-x86_64-debian-clang | 0.4-46 | 10.86 | 110.83 | 121.69 | OK | |
r-devel-linux-x86_64-debian-gcc | 0.4-46 | 7.06 | 83.78 | 90.84 | OK | |
r-devel-linux-x86_64-fedora-clang | 0.4-46 | 154.15 | OK | |||
r-devel-linux-x86_64-fedora-gcc | 0.4-46 | 183.01 | OK | |||
r-devel-windows-x86_64 | 0.4-46 | 7.00 | 127.00 | 134.00 | OK | |
r-patched-linux-x86_64 | 0.4-46 | 11.91 | 107.71 | 119.62 | OK | |
r-release-linux-x86_64 | 0.4-46 | 9.16 | 106.45 | 115.61 | OK | |
r-release-macos-arm64 | 0.4-46 | 58.00 | OK | |||
r-release-macos-x86_64 | 0.4-46 | 78.00 | NOTE | |||
r-release-windows-x86_64 | 0.4-46 | 9.00 | 119.00 | 128.00 | OK | |
r-oldrel-macos-arm64 | 0.4-46 | 51.00 | OK | |||
r-oldrel-macos-x86_64 | 0.4-46 | 64.00 | OK | |||
r-oldrel-windows-x86_64 | 0.4-46 | 10.00 | 119.00 | 129.00 | OK |
Version: 0.4-46
Check: package dependencies
Result: NOTE
Package suggested but not available for checking: ‘partykit’
Flavor: r-release-macos-x86_64
Version: 0.4-46
Check: Rd cross-references
Result: NOTE
Package unavailable to check Rd xrefs: ‘partykit’
Flavor: r-release-macos-x86_64