Last updated on 2023-12-01 15:53:46 CET.
Flavor | Version | Tinstall | Tcheck | Ttotal | Status | Flags |
---|---|---|---|---|---|---|
r-devel-linux-x86_64-debian-clang | 3.0.0 | 26.87 | 426.94 | 453.81 | OK | |
r-devel-linux-x86_64-debian-gcc | 3.0.0 | 20.04 | 312.59 | 332.63 | OK | |
r-devel-linux-x86_64-fedora-clang | 3.0.0 | 551.46 | OK | |||
r-devel-linux-x86_64-fedora-gcc | 3.0.0 | 562.80 | OK | |||
r-devel-windows-x86_64 | 3.0.0 | 21.00 | 264.00 | 285.00 | OK | |
r-patched-linux-x86_64 | 3.0.0 | 20.15 | 413.68 | 433.83 | OK | |
r-release-linux-x86_64 | 3.0.0 | 16.31 | 403.78 | 420.09 | OK | |
r-release-macos-arm64 | 3.0.0 | 121.00 | OK | |||
r-release-macos-x86_64 | 3.0.0 | 217.00 | NOTE | |||
r-release-windows-x86_64 | 3.0.0 | 30.00 | 313.00 | 343.00 | OK | |
r-oldrel-macos-arm64 | 3.0.0 | 107.00 | OK | |||
r-oldrel-macos-x86_64 | 3.0.0 | 198.00 | OK | |||
r-oldrel-windows-x86_64 | 3.0.0 | 30.00 | 343.00 | 373.00 | OK |
Version: 3.0.0
Check: installed package size
Result: NOTE
installed size is 5.2Mb
sub-directories of 1Mb or more:
data 4.5Mb
Flavor: r-release-macos-x86_64