CRAN Package Check Results for Package RaceID

Last updated on 2021-10-22 00:50:37 CEST.

Flavor Version Tinstall Tcheck Ttotal Status Flags
r-devel-linux-x86_64-debian-clang 0.2.3 42.43 588.88 631.31 OK
r-devel-linux-x86_64-debian-gcc 0.2.3 31.86 409.96 441.82 OK
r-devel-linux-x86_64-fedora-clang 0.2.3 754.76 NOTE
r-devel-linux-x86_64-fedora-gcc 0.2.3 738.28 OK
r-devel-windows-x86_64 0.2.3 68.00 759.00 827.00 NOTE
r-devel-windows-x86_64-gcc10-UCRT 0.2.3 ERROR
r-patched-linux-x86_64 0.2.3 39.95 559.19 599.14 OK
r-patched-solaris-x86 0.2.3 491.00 NOTE
r-release-linux-x86_64 0.2.3 36.70 561.86 598.56 OK
r-release-macos-arm64 0.2.3 NOTE
r-release-macos-x86_64 0.2.3 NOTE
r-release-windows-ix86+x86_64 0.2.3 72.00 875.00 947.00 NOTE
r-oldrel-macos-x86_64 0.2.3 NOTE
r-oldrel-windows-ix86+x86_64 0.2.3 105.00 897.00 1002.00 NOTE

Check Details

Version: 0.2.3
Check: package dependencies
Result: NOTE
    Imports includes 22 non-default packages.
    Importing from so many packages makes the package vulnerable to any of
    them becoming unavailable. Move as many as possible to Suggests and
    use conditionally.
Flavor: r-devel-linux-x86_64-fedora-clang

Version: 0.2.3
Check: installed package size
Result: NOTE
     installed size is 9.6Mb
     sub-directories of 1Mb or more:
     data 2.1Mb
     doc 5.8Mb
     libs 1.0Mb
Flavors: r-devel-linux-x86_64-fedora-clang, r-devel-windows-x86_64, r-patched-solaris-x86, r-release-macos-arm64, r-release-macos-x86_64, r-release-windows-ix86+x86_64, r-oldrel-macos-x86_64, r-oldrel-windows-ix86+x86_64

Version: 0.2.3
Check: package dependencies
Result: ERROR
    Packages required but not available: 'igraph', 'propr'
    
    Package suggested but not available for checking: 'batchelor'
    
    See section 'The DESCRIPTION file' in the 'Writing R Extensions'
    manual.
Flavor: r-devel-windows-x86_64-gcc10-UCRT

Version: 0.2.3
Check: package dependencies
Result: NOTE
    Packages suggested but not available for checking:
     'batchelor', 'DESeq2', 'SummarizedExperiment'
Flavor: r-release-macos-arm64

Version: 0.2.3
Check: package dependencies
Result: NOTE
    Package suggested but not available for checking: ‘batchelor’
Flavors: r-release-macos-x86_64, r-oldrel-macos-x86_64