CRAN Package Check Results for Package RanglaPunjab

Last updated on 2023-09-30 05:22:13 CEST.

Flavor Version Tinstall Tcheck Ttotal Status Flags
r-devel-linux-x86_64-debian-clang 2.3.4 5.06 40.42 45.48 NOTE
r-devel-linux-x86_64-debian-gcc 2.3.4 4.26 30.98 35.24 NOTE
r-devel-linux-x86_64-fedora-clang 2.3.4 55.60 NOTE
r-devel-linux-x86_64-fedora-gcc 2.3.4 68.77 NOTE
r-devel-windows-x86_64 2.3.4 7.00 51.00 58.00 NOTE
r-patched-linux-x86_64 2.3.4 3.76 39.17 42.93 NOTE
r-release-linux-x86_64 2.3.4 3.37 38.56 41.93 NOTE
r-release-macos-arm64 2.3.4 32.00 NOTE
r-release-macos-x86_64 2.3.4 44.00 NOTE
r-release-windows-x86_64 2.3.4 8.00 56.00 64.00 NOTE
r-oldrel-macos-arm64 2.3.4 34.00 NOTE
r-oldrel-macos-x86_64 2.3.4 58.00 NOTE
r-oldrel-windows-x86_64 2.3.4 10.00 63.00 73.00 NOTE

Check Details

Version: 2.3.4
Check: LazyData
Result: NOTE
     'LazyData' is specified without a 'data' directory
Flavors: r-devel-linux-x86_64-debian-clang, r-devel-linux-x86_64-debian-gcc, r-devel-linux-x86_64-fedora-clang, r-devel-linux-x86_64-fedora-gcc, r-devel-windows-x86_64, r-patched-linux-x86_64, r-release-linux-x86_64, r-release-macos-arm64, r-release-macos-x86_64, r-release-windows-x86_64, r-oldrel-macos-arm64, r-oldrel-macos-x86_64, r-oldrel-windows-x86_64