Last updated on 2023-12-06 11:52:36 CET.
Flavor | Version | Tinstall | Tcheck | Ttotal | Status | Flags |
---|---|---|---|---|---|---|
r-devel-linux-x86_64-debian-clang | 1.3-8 | 5.16 | 32.54 | 37.70 | OK | |
r-devel-linux-x86_64-debian-gcc | 1.3-8 | 4.29 | 25.60 | 29.89 | OK | |
r-devel-linux-x86_64-fedora-clang | 1.3-8 | 48.22 | NOTE | |||
r-devel-linux-x86_64-fedora-gcc | 1.3-8 | 46.34 | OK | |||
r-devel-windows-x86_64 | 1.3-8 | 5.00 | 47.00 | 52.00 | OK | |
r-patched-linux-x86_64 | 1.3-8 | 6.01 | 32.15 | 38.16 | OK | |
r-release-linux-x86_64 | 1.3-8 | 5.52 | 32.68 | 38.20 | OK | |
r-release-macos-arm64 | 1.3-8 | 21.00 | OK | |||
r-release-macos-x86_64 | 1.3-8 | 38.00 | OK | |||
r-release-windows-x86_64 | 1.3-8 | 6.00 | 49.00 | 55.00 | OK | |
r-oldrel-macos-arm64 | 1.3-8 | 26.00 | OK | |||
r-oldrel-macos-x86_64 | 1.3-8 | 31.00 | OK | |||
r-oldrel-windows-x86_64 | 1.3-8 | 7.00 | 55.00 | 62.00 | OK |
Version: 1.3-8
Check: Rd cross-references
Result: NOTE
Undeclared package ‘arm’ in Rd xrefs
Flavor: r-devel-linux-x86_64-fedora-clang