CRAN Package Check Results for Package Rarity

Last updated on 2022-01-26 23:50:29 CET.

Flavor Version Tinstall Tcheck Ttotal Status Flags
r-devel-linux-x86_64-debian-clang 1.3-6 4.41 40.71 45.12 OK
r-devel-linux-x86_64-debian-gcc 1.3-6 4.25 32.09 36.34 OK
r-devel-linux-x86_64-fedora-clang 1.3-6 56.69 NOTE
r-devel-linux-x86_64-fedora-gcc 1.3-6 45.81 OK
r-devel-windows-x86_64-new-UL 1.3-6 21.00 63.00 84.00 OK
r-devel-windows-x86_64-new-TK 1.3-6 NOTE
r-patched-linux-x86_64 1.3-6 4.53 39.07 43.60 OK
r-release-linux-x86_64 1.3-6 4.65 39.64 44.29 OK
r-release-macos-arm64 1.3-6 OK
r-release-macos-x86_64 1.3-6 OK
r-release-windows-ix86+x86_64 1.3-6 10.00 49.00 59.00 OK
r-oldrel-macos-x86_64 1.3-6 OK
r-oldrel-windows-ix86+x86_64 1.3-6 11.00 53.00 64.00 OK

Check Details

Version: 1.3-6
Check: Rd cross-references
Result: NOTE
    Undeclared package ‘arm’ in Rd xrefs
Flavor: r-devel-linux-x86_64-fedora-clang

Version: 1.3-6
Check: Rd cross-references
Result: NOTE
    Package unavailable to check Rd xrefs: 'arm'
Flavor: r-devel-windows-x86_64-new-TK