Last updated on 2023-12-06 11:52:36 CET.
Flavor | Version | Tinstall | Tcheck | Ttotal | Status | Flags |
---|---|---|---|---|---|---|
r-devel-linux-x86_64-debian-clang | 0.2.2 | 3.04 | 36.29 | 39.33 | NOTE | |
r-devel-linux-x86_64-debian-gcc | 0.2.2 | 2.03 | 28.48 | 30.51 | NOTE | |
r-devel-linux-x86_64-fedora-clang | 0.2.2 | 50.95 | NOTE | |||
r-devel-linux-x86_64-fedora-gcc | 0.2.2 | 63.18 | NOTE | |||
r-devel-windows-x86_64 | 0.2.2 | 3.00 | 72.00 | 75.00 | NOTE | |
r-patched-linux-x86_64 | 0.2.2 | 2.74 | 35.80 | 38.54 | NOTE | |
r-release-linux-x86_64 | 0.2.2 | 2.79 | 35.57 | 38.36 | NOTE | |
r-release-macos-arm64 | 0.2.2 | 31.00 | NOTE | |||
r-release-macos-x86_64 | 0.2.2 | 38.00 | NOTE | |||
r-release-windows-x86_64 | 0.2.2 | 3.00 | 67.00 | 70.00 | NOTE | |
r-oldrel-macos-arm64 | 0.2.2 | 24.00 | NOTE | |||
r-oldrel-macos-x86_64 | 0.2.2 | 27.00 | NOTE | |||
r-oldrel-windows-x86_64 | 0.2.2 | 4.00 | 67.00 | 71.00 | NOTE |
Version: 0.2.2
Check: Rd files
Result: NOTE
checkRd: (-1) S1.Rd:10: Lost braces; missing escapes or markup?
10 | \item{m_bar}{the sample vector of moments for a specified vector $(h_{a,r},y)$}
| ^
checkRd: (-1) S1.Rd:16: Lost braces; missing escapes or markup?
16 | \item{N_k}{index of the $ h_{a,r}$ function considered}
| ^
Flavors: r-devel-linux-x86_64-debian-clang, r-devel-linux-x86_64-debian-gcc
Version: 0.2.2
Check: LazyData
Result: NOTE
'LazyData' is specified without a 'data' directory
Flavors: r-devel-linux-x86_64-debian-clang, r-devel-linux-x86_64-debian-gcc, r-devel-linux-x86_64-fedora-clang, r-devel-linux-x86_64-fedora-gcc, r-devel-windows-x86_64, r-patched-linux-x86_64, r-release-linux-x86_64, r-release-macos-arm64, r-release-macos-x86_64, r-release-windows-x86_64, r-oldrel-macos-arm64, r-oldrel-macos-x86_64, r-oldrel-windows-x86_64