Last updated on 2023-09-27 01:05:38 CEST.
Flavor | Version | Tinstall | Tcheck | Ttotal | Status | Flags |
---|---|---|---|---|---|---|
r-devel-linux-x86_64-debian-clang | 1.1.3 | 360.52 | 183.96 | 544.48 | OK | |
r-devel-linux-x86_64-debian-gcc | 1.1.3 | 260.93 | 138.12 | 399.05 | OK | |
r-devel-linux-x86_64-fedora-clang | 1.1.3 | 790.15 | NOTE | |||
r-devel-linux-x86_64-fedora-gcc | 1.1.3 | 847.62 | OK | |||
r-devel-windows-x86_64 | 1.1.3 | 284.00 | 187.00 | 471.00 | NOTE | |
r-patched-linux-x86_64 | 1.1.3 | 277.16 | 177.77 | 454.93 | OK | |
r-release-linux-x86_64 | 1.1.3 | 268.22 | 179.03 | 447.25 | OK | |
r-release-macos-arm64 | 1.1.3 | 218.00 | NOTE | |||
r-release-macos-x86_64 | 1.1.3 | 349.00 | NOTE | |||
r-release-windows-x86_64 | 1.1.3 | 375.00 | 224.00 | 599.00 | NOTE | |
r-oldrel-macos-arm64 | 1.1.3 | 213.00 | NOTE | |||
r-oldrel-macos-x86_64 | 1.1.3 | 242.00 | NOTE | |||
r-oldrel-windows-x86_64 | 1.1.3 | 337.00 | 227.00 | 564.00 | NOTE |
Version: 1.1.3
Check: installed package size
Result: NOTE
installed size is 5.6Mb
sub-directories of 1Mb or more:
data 3.9Mb
Flavors: r-devel-linux-x86_64-fedora-clang, r-devel-windows-x86_64, r-release-macos-arm64, r-release-macos-x86_64, r-release-windows-x86_64, r-oldrel-macos-arm64, r-oldrel-macos-x86_64, r-oldrel-windows-x86_64