CRAN Package Check Results for Package RavenR

Last updated on 2022-01-25 08:52:07 CET.

Flavor Version Tinstall Tcheck Ttotal Status Flags
r-devel-linux-x86_64-debian-clang 2.1.4 32.28 171.46 203.74 OK
r-devel-linux-x86_64-debian-gcc 2.1.4 23.87 136.62 160.49 OK
r-devel-linux-x86_64-fedora-clang 2.1.4 250.23 OK
r-devel-linux-x86_64-fedora-gcc 2.1.4 234.76 OK
r-devel-windows-x86_64-new-UL 2.1.4 129.00 245.00 374.00 OK
r-devel-windows-x86_64-new-TK 2.1.4 OK
r-patched-linux-x86_64 2.1.4 31.58 157.49 189.07 OK
r-release-linux-x86_64 2.1.4 22.30 157.23 179.53 OK
r-release-macos-arm64 2.1.4 OK
r-release-macos-x86_64 2.1.4 OK
r-release-windows-ix86+x86_64 2.1.4 74.00 288.00 362.00 NOTE
r-oldrel-macos-x86_64 2.1.4 OK
r-oldrel-windows-ix86+x86_64 2.1.4 75.00 284.00 359.00 NOTE

Check Details

Version: 2.1.4
Check: installed package size
Result: NOTE
     installed size is 5.2Mb
     sub-directories of 1Mb or more:
     doc 1.1Mb
     extdata 1.2Mb
     libs 2.1Mb
Flavors: r-release-windows-ix86+x86_64, r-oldrel-windows-ix86+x86_64