CRAN Package Check Results for Package Rblpapi

Last updated on 2023-11-29 15:50:27 CET.

Flavor Version Tinstall Tcheck Ttotal Status Flags
r-devel-linux-x86_64-debian-clang 0.3.14 149.20 34.60 183.80 NOTE
r-devel-linux-x86_64-debian-gcc 0.3.14 109.42 27.23 136.65 NOTE
r-devel-linux-x86_64-fedora-clang 0.3.14 300.68 NOTE
r-devel-linux-x86_64-fedora-gcc 0.3.14 300.02 NOTE
r-devel-windows-x86_64 0.3.14 98.00 166.00 264.00 NOTE
r-patched-linux-x86_64 0.3.14 133.53 34.32 167.85 NOTE
r-release-linux-x86_64 0.3.14 131.85 34.21 166.06 NOTE
r-release-macos-arm64 0.3.14 11.00 ERROR
r-release-macos-x86_64 0.3.14 130.00 NOTE
r-release-windows-x86_64 0.3.14 109.00 189.00 298.00 NOTE
r-oldrel-macos-arm64 0.3.14 12.00 ERROR
r-oldrel-macos-x86_64 0.3.14 86.00 NOTE
r-oldrel-windows-x86_64 0.3.14 149.00 172.00 321.00 NOTE

Check Details

Version: 0.3.14
Check: C++ specification
Result: NOTE Specified C++11: please drop specification unless essential Flavors: r-devel-linux-x86_64-debian-clang, r-devel-linux-x86_64-debian-gcc, r-devel-linux-x86_64-fedora-clang, r-devel-linux-x86_64-fedora-gcc, r-devel-windows-x86_64, r-patched-linux-x86_64, r-release-linux-x86_64, r-release-macos-x86_64, r-release-windows-x86_64

Version: 0.3.14
Check: installed package size
Result: NOTE installed size is 8.6Mb sub-directories of 1Mb or more: blp 7.1Mb Flavors: r-devel-linux-x86_64-fedora-clang, r-devel-windows-x86_64, r-release-macos-x86_64, r-release-windows-x86_64, r-oldrel-macos-x86_64, r-oldrel-windows-x86_64

Version: 0.3.14
Check: whether package can be installed
Result: ERROR Installation failed. Flavors: r-release-macos-arm64, r-oldrel-macos-arm64